CRAN Package Check Results for Package swissparl

Last updated on 2021-08-01 13:49:55 CEST.

Flavor Version Tinstall Tcheck Ttotal Status Flags
r-devel-linux-x86_64-debian-clang 0.2.1 5.62 51.71 57.33 OK
r-devel-linux-x86_64-debian-gcc 0.2.1 4.41 39.10 43.51 OK
r-devel-linux-x86_64-fedora-clang 0.2.1 77.41 NOTE
r-devel-linux-x86_64-fedora-gcc 0.2.1 66.12 NOTE
r-devel-windows-x86_64 0.2.1 10.00 69.00 79.00 OK
r-devel-windows-x86_64-gcc10-UCRT 0.2.1 NOTE
r-patched-linux-x86_64 0.2.1 OK
r-patched-solaris-x86 0.2.1 97.90 NOTE
r-release-linux-x86_64 0.2.1 5.10 48.19 53.29 OK
r-release-macos-arm64 0.2.1 NOTE
r-release-macos-x86_64 0.2.1 NOTE
r-release-windows-ix86+x86_64 0.2.1 14.00 69.00 83.00 OK
r-oldrel-macos-x86_64 0.2.1 NOTE
r-oldrel-windows-ix86+x86_64 0.2.1 11.00 81.00 92.00 OK

Check Details

Version: 0.2.1
Check: dependencies in R code
Result: NOTE
    Namespace in Imports field not imported from: ‘lubridate’
     All declared Imports should be used.
Flavors: r-devel-linux-x86_64-fedora-clang, r-devel-linux-x86_64-fedora-gcc, r-devel-windows-x86_64-gcc10-UCRT, r-patched-solaris-x86, r-release-macos-arm64, r-release-macos-x86_64, r-oldrel-macos-x86_64