CRAN Package Check Results for Package svs

Last updated on 2021-09-26 19:49:15 CEST.

Flavor Version Tinstall Tcheck Ttotal Status Flags
r-devel-linux-x86_64-debian-clang 3.0.0 8.51 79.14 87.65 NOTE
r-devel-linux-x86_64-debian-gcc 3.0.0 7.03 60.44 67.47 NOTE
r-devel-linux-x86_64-fedora-clang 3.0.0 112.61 NOTE
r-devel-linux-x86_64-fedora-gcc 3.0.0 102.14 NOTE
r-devel-windows-x86_64 3.0.0 10.00 82.00 92.00 NOTE
r-devel-windows-x86_64-gcc10-UCRT 3.0.0 NOTE
r-patched-linux-x86_64 3.0.0 8.20 76.00 84.20 NOTE
r-patched-solaris-x86 3.0.0 153.20 NOTE
r-release-linux-x86_64 3.0.0 7.85 77.02 84.87 NOTE
r-release-macos-arm64 3.0.0 NOTE
r-release-macos-x86_64 3.0.0 NOTE
r-release-windows-ix86+x86_64 3.0.0 18.00 77.00 95.00 NOTE
r-oldrel-macos-x86_64 3.0.0 OK
r-oldrel-windows-ix86+x86_64 3.0.0 14.00 75.00 89.00 OK

Check Details

Version: 3.0.0
Check: LazyData
Result: NOTE
     'LazyData' is specified without a 'data' directory
Flavors: r-devel-linux-x86_64-debian-clang, r-devel-linux-x86_64-debian-gcc, r-devel-linux-x86_64-fedora-clang, r-devel-linux-x86_64-fedora-gcc, r-devel-windows-x86_64, r-devel-windows-x86_64-gcc10-UCRT, r-patched-linux-x86_64, r-patched-solaris-x86, r-release-linux-x86_64, r-release-macos-arm64, r-release-macos-x86_64, r-release-windows-ix86+x86_64