Last updated on 2023-03-23 06:52:37 CET.
Flavor | Version | Tinstall | Tcheck | Ttotal | Status | Flags |
---|---|---|---|---|---|---|
r-devel-linux-x86_64-debian-clang | 0.1.4 | 145.16 | 69.26 | 214.42 | NOTE | |
r-devel-linux-x86_64-debian-gcc | 0.1.4 | 127.62 | 55.97 | 183.59 | NOTE | |
r-devel-linux-x86_64-fedora-clang | 0.1.4 | 275.16 | NOTE | |||
r-devel-linux-x86_64-fedora-gcc | 0.1.4 | 297.62 | NOTE | |||
r-patched-linux-x86_64 | 0.1.4 | 140.13 | 71.21 | 211.34 | OK | |
r-release-linux-x86_64 | 0.1.4 | 128.31 | 70.33 | 198.64 | OK | |
r-release-macos-arm64 | 0.1.4 | 90.00 | NOTE | |||
r-release-macos-x86_64 | 0.1.4 | 104.00 | NOTE | |||
r-release-windows-x86_64 | 0.1.4 | 359.00 | 195.00 | 554.00 | NOTE | |
r-oldrel-macos-arm64 | 0.1.4 | 70.00 | NOTE | |||
r-oldrel-macos-x86_64 | 0.1.4 | 105.00 | NOTE | |||
r-oldrel-windows-ix86+x86_64 | 0.1.4 | 304.00 | 188.00 | 492.00 | NOTE |
Version: 0.1.4
Check: C++ specification
Result: NOTE
Specified C++11: please drop specification unless essential
Flavors: r-devel-linux-x86_64-debian-clang, r-devel-linux-x86_64-debian-gcc, r-devel-linux-x86_64-fedora-clang, r-devel-linux-x86_64-fedora-gcc
Version: 0.1.4
Check: installed package size
Result: NOTE
installed size is 5.6Mb
sub-directories of 1Mb or more:
libs 5.0Mb
Flavors: r-devel-linux-x86_64-fedora-clang, r-release-macos-arm64, r-release-macos-x86_64, r-release-windows-x86_64, r-oldrel-macos-arm64, r-oldrel-macos-x86_64, r-oldrel-windows-ix86+x86_64