CRAN Package Check Results for Package svglite

Last updated on 2023-02-04 07:10:25 CET.

Flavor Version Tinstall Tcheck Ttotal Status Flags
r-devel-linux-x86_64-debian-clang 2.1.1 11.39 31.16 42.55 NOTE
r-devel-linux-x86_64-debian-gcc 2.1.1 11.47 24.51 35.98 NOTE
r-devel-linux-x86_64-fedora-clang 2.1.1 60.43 NOTE
r-devel-linux-x86_64-fedora-gcc 2.1.1 73.11 NOTE
r-devel-windows-x86_64 2.1.1 49.00 89.00 138.00 NOTE
r-patched-linux-x86_64 2.1.1 12.11 32.64 44.75 OK
r-release-linux-x86_64 2.1.1 12.29 30.96 43.25 OK
r-release-macos-arm64 2.1.1 45.00 OK
r-release-macos-x86_64 2.1.1 83.00 OK
r-release-windows-x86_64 2.1.1 57.00 99.00 156.00 OK
r-oldrel-macos-arm64 2.1.1 50.00 OK
r-oldrel-macos-x86_64 2.1.1 78.00 OK
r-oldrel-windows-ix86+x86_64 2.1.1 38.00 87.00 125.00 OK

Check Details

Version: 2.1.1
Check: C++ specification
Result: NOTE
     Specified C++11: please update to current default of C++17
Flavors: r-devel-linux-x86_64-debian-clang, r-devel-linux-x86_64-debian-gcc, r-devel-linux-x86_64-fedora-clang, r-devel-linux-x86_64-fedora-gcc, r-devel-windows-x86_64