CRAN Package Check Results for Package svars

Last updated on 2022-10-04 21:53:54 CEST.

Flavor Version Tinstall Tcheck Ttotal Status Flags
r-devel-linux-x86_64-debian-clang 1.3.9 155.05 242.78 397.83 WARN
r-devel-linux-x86_64-debian-gcc 1.3.9 123.73 171.53 295.26 OK
r-devel-linux-x86_64-fedora-clang 1.3.9 559.97 WARN
r-devel-linux-x86_64-fedora-gcc 1.3.9 524.62 OK
r-devel-windows-x86_64 1.3.9 257.00 303.00 560.00 OK
r-patched-linux-x86_64 1.3.9 134.78 224.31 359.09 OK
r-release-linux-x86_64 1.3.9 128.48 223.88 352.36 OK
r-release-macos-arm64 1.3.9 115.00 NOTE
r-release-macos-x86_64 1.3.9 232.00 NOTE
r-release-windows-x86_64 1.3.9 130.00 292.00 422.00 OK
r-oldrel-macos-arm64 1.3.9 109.00 NOTE
r-oldrel-macos-x86_64 1.3.9 154.00 NOTE
r-oldrel-windows-ix86+x86_64 1.3.9 366.00 374.00 740.00 OK

Additional issues

clang14

Check Details

Version: 1.3.9
Check: whether package can be installed
Result: WARN
    Found the following significant warnings:
     ChangesInVolatility.cpp:47:7: warning: use of bitwise '|' with boolean operands [-Wbitwise-instead-of-logical]
Flavors: r-devel-linux-x86_64-debian-clang, r-devel-linux-x86_64-fedora-clang

Version: 1.3.9
Check: installed package size
Result: NOTE
     installed size is 9.0Mb
     sub-directories of 1Mb or more:
     help 1.0Mb
     libs 7.2Mb
Flavors: r-release-macos-arm64, r-release-macos-x86_64, r-oldrel-macos-arm64, r-oldrel-macos-x86_64