CRAN Package Check Results for Package survival.svb

Last updated on 2024-02-23 12:52:04 CET.

Flavor Version Tinstall Tcheck Ttotal Status Flags
r-devel-linux-x86_64-debian-clang 0.0-2 NOTE
r-devel-linux-x86_64-debian-gcc 0.0-2 37.88 24.50 62.38 NOTE
r-devel-linux-x86_64-fedora-clang 0.0-2 135.92 NOTE
r-devel-linux-x86_64-fedora-gcc 0.0-2 119.06 NOTE
r-devel-windows-x86_64 0.0-2 44.00 65.00 109.00 NOTE
r-patched-linux-x86_64 0.0-2 51.99 31.34 83.33 NOTE
r-release-linux-x86_64 0.0-2 50.23 31.22 81.45 NOTE
r-release-macos-arm64 0.0-2 38.00 NOTE
r-release-macos-x86_64 0.0-2 54.00 NOTE
r-release-windows-x86_64 0.0-2 56.00 71.00 127.00 NOTE
r-oldrel-macos-arm64 0.0-2 33.00 OK
r-oldrel-windows-x86_64 0.0-2 53.00 76.00 129.00 OK

Check Details

Version: 0.0-2
Check: C++ specification
Result: NOTE Specified C++11: please drop specification unless essential Flavors: r-devel-linux-x86_64-debian-clang, r-devel-linux-x86_64-debian-gcc, r-devel-linux-x86_64-fedora-clang, r-devel-linux-x86_64-fedora-gcc, r-devel-windows-x86_64, r-patched-linux-x86_64, r-release-linux-x86_64, r-release-macos-arm64, r-release-macos-x86_64, r-release-windows-x86_64