Last updated on 2023-01-31 19:07:39 CET.
Flavor | Version | Tinstall | Tcheck | Ttotal | Status | Flags |
---|---|---|---|---|---|---|
r-devel-linux-x86_64-debian-clang | 0.0-2 | 56.63 | 30.97 | 87.60 | NOTE | |
r-devel-linux-x86_64-debian-gcc | 0.0-2 | 39.12 | 24.37 | 63.49 | NOTE | |
r-devel-linux-x86_64-fedora-clang | 0.0-2 | 131.06 | NOTE | |||
r-devel-linux-x86_64-fedora-gcc | 0.0-2 | 109.19 | NOTE | |||
r-devel-windows-x86_64 | 0.0-2 | 56.00 | 76.00 | 132.00 | NOTE | |
r-patched-linux-x86_64 | 0.0-2 | 38.91 | 30.15 | 69.06 | OK | |
r-release-linux-x86_64 | 0.0-2 | 39.36 | 31.24 | 70.60 | OK | |
r-release-macos-arm64 | 0.0-2 | 33.00 | OK | |||
r-release-macos-x86_64 | 0.0-2 | 45.00 | OK | |||
r-release-windows-x86_64 | 0.0-2 | 57.00 | 86.00 | 143.00 | OK | |
r-oldrel-macos-arm64 | 0.0-2 | 30.00 | OK | |||
r-oldrel-macos-x86_64 | 0.0-2 | 45.00 | OK | |||
r-oldrel-windows-ix86+x86_64 | 0.0-2 | 136.00 | 84.00 | 220.00 | OK |
Version: 0.0-2
Check: C++ specification
Result: NOTE
Specified C++11: please update to current default of C++17
Flavors: r-devel-linux-x86_64-debian-clang, r-devel-linux-x86_64-debian-gcc, r-devel-linux-x86_64-fedora-clang, r-devel-linux-x86_64-fedora-gcc, r-devel-windows-x86_64