CRAN Package Check Results for Package surveyPrev

Last updated on 2024-06-13 00:55:34 CEST.

Flavor Version Tinstall Tcheck Ttotal Status Flags
r-devel-linux-x86_64-debian-clang 1.0.0 49.37 443.73 493.10 NOTE
r-devel-linux-x86_64-debian-gcc 1.0.0 0.55 2.07 2.62 ERROR
r-devel-linux-x86_64-fedora-clang 1.0.0 569.21 NOTE
r-devel-linux-x86_64-fedora-gcc 1.0.0 495.60 OK
r-devel-windows-x86_64 1.0.0 41.00 282.00 323.00 NOTE
r-patched-linux-x86_64 1.0.0 38.47 427.85 466.32 NOTE
r-release-linux-x86_64 1.0.0 47.65 419.02 466.67 NOTE
r-release-macos-arm64 1.0.0 136.00 NOTE
r-release-macos-x86_64 1.0.0 212.00 NOTE
r-release-windows-x86_64 1.0.0 42.00 282.00 324.00 NOTE
r-oldrel-macos-arm64 1.0.0 151.00 NOTE
r-oldrel-macos-x86_64 1.0.0 278.00 NOTE
r-oldrel-windows-x86_64 1.0.0 57.00 356.00 413.00 NOTE

Check Details

Version: 1.0.0
Check: package dependencies
Result: NOTE Packages suggested but not available for checking: 'INLA', 'geodata' Flavors: r-devel-linux-x86_64-debian-clang, r-patched-linux-x86_64, r-release-linux-x86_64

Version: 1.0.0
Check: package dependencies
Result: ERROR Packages required but not available: 'ggplot2', 'rdhs', 'SUMMER', 'dplyr', 'labelled', 'naniar', 'stringr', 'tidyverse' Packages suggested but not available for checking: 'INLA', 'kableExtra', 'patchwork', 'tidyr' See section ‘The DESCRIPTION file’ in the ‘Writing R Extensions’ manual. Flavor: r-devel-linux-x86_64-debian-gcc

Version: 1.0.0
Check: installed package size
Result: NOTE installed size is 5.8Mb sub-directories of 1Mb or more: data 2.9Mb doc 2.5Mb Flavors: r-devel-linux-x86_64-fedora-clang, r-devel-windows-x86_64, r-release-macos-arm64, r-release-macos-x86_64, r-release-windows-x86_64, r-oldrel-macos-arm64, r-oldrel-macos-x86_64, r-oldrel-windows-x86_64

Version: 1.0.0
Check: package dependencies
Result: NOTE Package suggested but not available for checking: ‘INLA’ Flavors: r-release-macos-arm64, r-release-macos-x86_64, r-oldrel-macos-arm64, r-oldrel-macos-x86_64, r-oldrel-windows-x86_64