CRAN Package Check Results for Package surveil

Last updated on 2024-02-28 07:02:49 CET.

Flavor Version Tinstall Tcheck Ttotal Status Flags
r-devel-linux-x86_64-debian-clang 0.2.2 281.84 310.63 592.47 NOTE
r-devel-linux-x86_64-debian-gcc 0.2.2 275.30 247.37 522.67 NOTE
r-devel-linux-x86_64-fedora-clang 0.2.2 764.24 NOTE
r-devel-linux-x86_64-fedora-gcc 0.2.2 917.14 NOTE
r-devel-windows-x86_64 0.2.2 235.00 275.00 510.00 NOTE
r-patched-linux-x86_64 0.2.2 239.03 322.47 561.50 NOTE
r-release-linux-x86_64 0.2.2 242.18 323.46 565.64 NOTE
r-release-macos-arm64 0.2.2 234.00 NOTE
r-release-macos-x86_64 0.2.2 497.00 NOTE
r-release-windows-x86_64 0.2.2 285.00 331.00 616.00 NOTE
r-oldrel-macos-arm64 0.2.2 251.00 NOTE
r-oldrel-windows-x86_64 0.2.2 280.00 325.00 605.00 NOTE

Check Details

Version: 0.2.2
Check: for GNU extensions in Makefiles
Result: NOTE GNU make is a SystemRequirements. Flavors: r-devel-linux-x86_64-debian-clang, r-devel-linux-x86_64-debian-gcc, r-devel-linux-x86_64-fedora-clang, r-devel-linux-x86_64-fedora-gcc, r-devel-windows-x86_64, r-patched-linux-x86_64, r-release-linux-x86_64, r-release-macos-arm64, r-release-macos-x86_64, r-release-windows-x86_64, r-oldrel-macos-arm64, r-oldrel-windows-x86_64

Version: 0.2.2
Check: dependencies in R code
Result: NOTE Namespaces in Imports field not imported from: ‘RcppParallel’ ‘rstantools’ All declared Imports should be used. Flavors: r-devel-linux-x86_64-fedora-clang, r-devel-linux-x86_64-fedora-gcc

Version: 0.2.2
Check: installed package size
Result: NOTE installed size is 51.0Mb sub-directories of 1Mb or more: libs 49.8Mb Flavors: r-release-macos-arm64, r-release-macos-x86_64, r-oldrel-macos-arm64