CRAN Package Check Results for Package survPen

Last updated on 2021-12-07 20:52:55 CET.

Flavor Version Tinstall Tcheck Ttotal Status Flags
r-devel-linux-x86_64-debian-clang 1.5.2 44.07 204.12 248.19 OK --no-vignettes
r-devel-linux-x86_64-debian-gcc 1.5.2 33.19 597.43 630.62 OK --no-vignettes
r-devel-linux-x86_64-fedora-clang 1.5.2 880.63 NOTE
r-devel-linux-x86_64-fedora-gcc 1.5.2 732.15 OK
r-devel-windows-x86_64-new-UL 1.5.2 56.00 809.00 865.00 OK
r-devel-windows-x86_64-new-TK 1.5.2 OK
r-devel-windows-x86_64-old 1.5.2 52.00 352.00 404.00 OK
r-patched-linux-x86_64 1.5.2 38.71 176.87 215.58 OK --no-vignettes
r-release-linux-x86_64 1.5.2 37.75 178.47 216.22 OK --no-vignettes
r-release-macos-arm64 1.5.2 NOTE
r-release-macos-x86_64 1.5.2 NOTE
r-release-windows-ix86+x86_64 1.5.2 63.00 549.00 612.00 OK
r-oldrel-macos-x86_64 1.5.2 NOTE
r-oldrel-windows-ix86+x86_64 1.5.2 92.00 520.00 612.00 OK

Check Details

Version: 1.5.2
Check: installed package size
Result: NOTE
     installed size is 13.2Mb
     sub-directories of 1Mb or more:
     libs 12.4Mb
Flavors: r-devel-linux-x86_64-fedora-clang, r-release-macos-arm64, r-release-macos-x86_64, r-oldrel-macos-x86_64