CRAN Package Check Results for Package survHE

Last updated on 2021-10-27 22:57:01 CEST.

Flavor Version Tinstall Tcheck Ttotal Status Flags
r-devel-linux-x86_64-debian-clang 1.1.2 1090.91 228.62 1319.53 NOTE
r-devel-linux-x86_64-debian-gcc 1.1.2 981.56 219.90 1201.46 NOTE
r-devel-linux-x86_64-fedora-clang 1.1.2 2022.16 NOTE
r-devel-linux-x86_64-fedora-gcc 1.1.2 2178.30 NOTE
r-devel-windows-x86_64 1.1.2 1307.00 234.00 1541.00 NOTE
r-devel-windows-x86_64-gcc10-UCRT 1.1.2 NOTE
r-patched-linux-x86_64 1.1.2 1135.36 275.41 1410.77 NOTE
r-patched-solaris-x86 1.1.2 1867.50 NOTE
r-release-linux-x86_64 1.1.2 1102.04 274.29 1376.33 NOTE
r-release-macos-arm64 1.1.2 NOTE
r-release-macos-x86_64 1.1.2 NOTE
r-release-windows-ix86+x86_64 1.1.2 1957.00 487.00 2444.00 NOTE
r-oldrel-macos-x86_64 1.1.2 NOTE
r-oldrel-windows-ix86+x86_64 1.1.2 1922.00 490.00 2412.00 NOTE

Check Details

Version: 1.1.2
Check: package dependencies
Result: NOTE
    Package suggested but not available for checking: 'INLA'
Flavors: r-devel-linux-x86_64-debian-clang, r-devel-linux-x86_64-debian-gcc, r-devel-windows-x86_64-gcc10-UCRT, r-patched-linux-x86_64, r-patched-solaris-x86, r-release-linux-x86_64, r-release-macos-arm64, r-release-macos-x86_64, r-oldrel-macos-x86_64

Version: 1.1.2
Check: for GNU extensions in Makefiles
Result: NOTE
    GNU make is a SystemRequirements.
Flavors: r-devel-linux-x86_64-debian-clang, r-devel-linux-x86_64-debian-gcc, r-devel-linux-x86_64-fedora-clang, r-devel-linux-x86_64-fedora-gcc, r-devel-windows-x86_64, r-devel-windows-x86_64-gcc10-UCRT, r-patched-linux-x86_64, r-patched-solaris-x86, r-release-linux-x86_64, r-release-macos-arm64, r-release-macos-x86_64, r-release-windows-ix86+x86_64, r-oldrel-macos-x86_64, r-oldrel-windows-ix86+x86_64

Version: 1.1.2
Check: installed package size
Result: NOTE
     installed size is 126.6Mb
     sub-directories of 1Mb or more:
     libs 125.7Mb
Flavors: r-devel-linux-x86_64-fedora-clang, r-devel-windows-x86_64, r-patched-solaris-x86, r-release-macos-arm64, r-release-macos-x86_64, r-release-windows-ix86+x86_64, r-oldrel-macos-x86_64, r-oldrel-windows-ix86+x86_64

Version: 1.1.2
Check: line endings in C/C++/Fortran sources/headers
Result: NOTE
    Found the following sources/headers with CR or CRLF line endings:
     src/stan_files/Exponential.hpp
     src/stan_files/Gamma.hpp
     src/stan_files/GenF.hpp
     src/stan_files/GenGamma.hpp
     src/stan_files/Gompertz.hpp
     src/stan_files/PolyWeibull.hpp
     src/stan_files/RP.hpp
     src/stan_files/WeibullAF.hpp
     src/stan_files/WeibullPH.hpp
     src/stan_files/logLogistic.hpp
     src/stan_files/logNormal.hpp
    Some Unix compilers require LF line endings.
Flavor: r-devel-windows-x86_64-gcc10-UCRT