CRAN Package Check Results for Package sureLDA

Last updated on 2022-10-01 01:49:18 CEST.

Flavor Version Tinstall Tcheck Ttotal Status Flags
r-devel-linux-x86_64-debian-clang 0.1.0-1 40.01 345.45 385.46 OK
r-devel-linux-x86_64-debian-gcc 0.1.0-1 30.87 212.03 242.90 OK
r-devel-linux-x86_64-fedora-clang 0.1.0-1 462.80 NOTE
r-devel-linux-x86_64-fedora-gcc 0.1.0-1 445.77 NOTE
r-devel-windows-x86_64 0.1.0-1 35.00 417.00 452.00 OK
r-patched-linux-x86_64 0.1.0-1 34.64 312.64 347.28 OK
r-release-linux-x86_64 0.1.0-1 33.80 312.71 346.51 OK
r-release-macos-arm64 0.1.0-1 102.00 NOTE
r-release-macos-x86_64 0.1.0-1 150.00 NOTE
r-release-windows-x86_64 0.1.0-1 37.00 398.00 435.00 OK
r-oldrel-macos-arm64 0.1.0-1 105.00 NOTE
r-oldrel-macos-x86_64 0.1.0-1 173.00 NOTE
r-oldrel-windows-ix86+x86_64 0.1.0-1 90.00 426.00 516.00 OK

Check Details

Version: 0.1.0-1
Check: dependencies in R code
Result: NOTE
    Namespaces in Imports field not imported from:
     ‘doParallel’ ‘pROC’
     All declared Imports should be used.
Flavors: r-devel-linux-x86_64-fedora-clang, r-devel-linux-x86_64-fedora-gcc, r-release-macos-arm64, r-release-macos-x86_64, r-oldrel-macos-arm64, r-oldrel-macos-x86_64