CRAN Package Check Results for Package surbayes

Last updated on 2024-02-22 06:51:55 CET.

Flavor Version Tinstall Tcheck Ttotal Status Flags
r-devel-linux-x86_64-debian-clang 0.1.2 NOTE
r-devel-linux-x86_64-debian-gcc 0.1.2 67.41 54.94 122.35 NOTE
r-devel-linux-x86_64-fedora-clang 0.1.2 227.84 NOTE
r-devel-linux-x86_64-fedora-gcc 0.1.2 221.22 NOTE
r-devel-windows-x86_64 0.1.2 66.00 93.00 159.00 NOTE
r-patched-linux-x86_64 0.1.2 88.14 71.71 159.85 NOTE
r-release-linux-x86_64 0.1.2 78.73 72.87 151.60 NOTE
r-release-macos-arm64 0.1.2 56.00 NOTE
r-release-macos-x86_64 0.1.2 98.00 NOTE
r-release-windows-x86_64 0.1.2 84.00 106.00 190.00 NOTE
r-oldrel-macos-arm64 0.1.2 63.00 OK
r-oldrel-windows-x86_64 0.1.2 82.00 107.00 189.00 OK

Check Details

Version: 0.1.2
Check: C++ specification
Result: NOTE Specified C++11: please drop specification unless essential Flavors: r-devel-linux-x86_64-debian-clang, r-devel-linux-x86_64-debian-gcc, r-devel-linux-x86_64-fedora-clang, r-devel-linux-x86_64-fedora-gcc, r-devel-windows-x86_64, r-patched-linux-x86_64, r-release-linux-x86_64, r-release-macos-arm64, r-release-macos-x86_64, r-release-windows-x86_64