CRAN Package Check Results for Package superb

Last updated on 2022-12-10 07:04:49 CET.

Flavor Version Tinstall Tcheck Ttotal Status Flags
r-devel-linux-x86_64-debian-clang 0.95.0 10.47 396.85 407.32 OK
r-devel-linux-x86_64-debian-gcc 0.95.0 9.34 281.69 291.03 OK
r-devel-linux-x86_64-fedora-clang 0.95.0 488.79 NOTE
r-devel-linux-x86_64-fedora-gcc 0.95.0 489.59 OK
r-devel-windows-x86_64 0.95.0 56.00 451.00 507.00 NOTE
r-patched-linux-x86_64 0.95.0 11.99 357.17 369.16 OK
r-release-linux-x86_64 0.95.0 9.05 315.28 324.33 OK
r-release-macos-arm64 0.95.0 128.00 NOTE
r-release-macos-x86_64 0.95.0 169.00 NOTE
r-release-windows-x86_64 0.95.0 58.00 420.00 478.00 NOTE
r-oldrel-macos-arm64 0.95.0 142.00 NOTE
r-oldrel-macos-x86_64 0.95.0 191.00 NOTE
r-oldrel-windows-ix86+x86_64 0.95.0 25.00 435.00 460.00 NOTE

Check Details

Version: 0.95.0
Check: installed package size
Result: NOTE
     installed size is 13.4Mb
     sub-directories of 1Mb or more:
     doc 12.8Mb
Flavors: r-devel-linux-x86_64-fedora-clang, r-devel-windows-x86_64, r-release-macos-arm64, r-release-macos-x86_64, r-release-windows-x86_64, r-oldrel-macos-arm64, r-oldrel-macos-x86_64, r-oldrel-windows-ix86+x86_64