CRAN Package Check Results for Package superMICE

Last updated on 2022-12-01 00:51:12 CET.

Flavor Version Tinstall Tcheck Ttotal Status Flags
r-devel-linux-x86_64-debian-clang 1.1.1 6.77 60.52 67.29 NOTE
r-devel-linux-x86_64-debian-gcc 1.1.1 5.40 44.91 50.31 NOTE
r-devel-linux-x86_64-fedora-clang 1.1.1 92.89 NOTE
r-devel-linux-x86_64-fedora-gcc 1.1.1 99.58 NOTE
r-devel-windows-x86_64 1.1.1 20.00 86.00 106.00 OK
r-patched-linux-x86_64 1.1.1 12.00 56.98 68.98 NOTE
r-release-linux-x86_64 1.1.1 5.59 56.55 62.14 NOTE
r-release-macos-arm64 1.1.1 27.00 OK
r-release-macos-x86_64 1.1.1 37.00 OK
r-release-windows-x86_64 1.1.1 20.00 87.00 107.00 OK
r-oldrel-macos-arm64 1.1.1 30.00 OK
r-oldrel-macos-x86_64 1.1.1 35.00 OK
r-oldrel-windows-ix86+x86_64 1.1.1 17.00 88.00 105.00 OK

Check Details

Version: 1.1.1
Check: package dependencies
Result: NOTE
    Package suggested but not available for checking: 'extraTrees'
Flavors: r-devel-linux-x86_64-debian-clang, r-devel-linux-x86_64-debian-gcc, r-devel-linux-x86_64-fedora-clang, r-devel-linux-x86_64-fedora-gcc, r-patched-linux-x86_64, r-release-linux-x86_64