CRAN Package Check Results for Package sundialr

Last updated on 2022-10-05 18:49:13 CEST.

Flavor Version Tinstall Tcheck Ttotal Status Flags
r-devel-linux-x86_64-debian-clang 0.1.4.1 81.56 47.03 128.59 OK
r-devel-linux-x86_64-debian-gcc 0.1.4.1 63.51 35.34 98.85 OK
r-devel-linux-x86_64-fedora-clang 0.1.4.1 202.52 WARN
r-devel-linux-x86_64-fedora-gcc 0.1.4.1 179.43 WARN
r-devel-windows-x86_64 0.1.4.1 110.00 105.00 215.00 OK
r-patched-linux-x86_64 0.1.4.1 72.68 44.18 116.86 OK
r-release-linux-x86_64 0.1.4.1 75.36 43.62 118.98 OK
r-release-macos-arm64 0.1.4.1 49.00 NOTE
r-release-macos-x86_64 0.1.4.1 78.00 NOTE
r-release-windows-x86_64 0.1.4.1 116.00 109.00 225.00 OK
r-oldrel-macos-arm64 0.1.4.1 61.00 NOTE
r-oldrel-macos-x86_64 0.1.4.1 100.00 NOTE
r-oldrel-windows-ix86+x86_64 0.1.4.1 220.00 115.00 335.00 OK

Check Details

Version: 0.1.4.1
Check: whether package can be installed
Result: WARN
    Found the following significant warnings:
     ../inst/include/sundials/sundials_nvector.h:163:37: warning: a function declaration without a prototype is deprecated in all versions of C [-Wstrict-prototypes]
     ../inst/include/sundials/sundials_nonlinearsolver.h:131:56: warning: a function declaration without a prototype is deprecated in all versions of C [-Wstrict-prototypes]
     ../inst/include/sundials/sundials_matrix.h:106:41: warning: a function declaration without a prototype is deprecated in all versions of C [-Wstrict-prototypes]
     ../inst/include/sundials/sundials_linearsolver.h:137:50: warning: a function declaration without a prototype is deprecated in all versions of C [-Wstrict-prototypes]
     sundials/sundials/sundials_linearsolver.c:28:34: warning: a function declaration without a prototype is deprecated in all versions of C [-Wstrict-prototypes]
     sundials/sundials/sundials_matrix.c:29:25: warning: a function declaration without a prototype is deprecated in all versions of C [-Wstrict-prototypes]
     sundials/sundials/sundials_nonlinearsolver.c:26:40: warning: a function declaration without a prototype is deprecated in all versions of C [-Wstrict-prototypes]
     sundials/sundials/sundials_nvector.c:28:21: warning: a function declaration without a prototype is deprecated in all versions of C [-Wstrict-prototypes]
Flavor: r-devel-linux-x86_64-fedora-clang

Version: 0.1.4.1
Check: whether package can be installed
Result: WARN
    Found the following significant warnings:
     ../inst/include/sundials/sundials_nvector.h:163:1: warning: function declaration isn’t a prototype [-Wstrict-prototypes]
     ../inst/include/sundials/sundials_nonlinearsolver.h:131:1: warning: function declaration isn’t a prototype [-Wstrict-prototypes]
     ../inst/include/sundials/sundials_matrix.h:106:1: warning: function declaration isn’t a prototype [-Wstrict-prototypes]
     ../inst/include/sundials/sundials_linearsolver.h:137:1: warning: function declaration isn’t a prototype [-Wstrict-prototypes]
     sundials/sundials/sundials_linearsolver.c:28:17: warning: function declaration isn’t a prototype [-Wstrict-prototypes]
     sundials/sundials/sundials_matrix.c:29:11: warning: function declaration isn’t a prototype [-Wstrict-prototypes]
     sundials/sundials/sundials_nonlinearsolver.c:26:20: warning: function declaration isn’t a prototype [-Wstrict-prototypes]
     sundials/sundials/sundials_nvector.c:28:10: warning: function declaration isn’t a prototype [-Wstrict-prototypes]
Flavor: r-devel-linux-x86_64-fedora-gcc

Version: 0.1.4.1
Check: installed package size
Result: NOTE
     installed size is 5.6Mb
     sub-directories of 1Mb or more:
     libs 3.2Mb
Flavors: r-release-macos-arm64, r-release-macos-x86_64, r-oldrel-macos-arm64, r-oldrel-macos-x86_64