CRAN Package Check Results for Package summarytools

Last updated on 2024-06-13 00:55:33 CEST.

Flavor Version Tinstall Tcheck Ttotal Status Flags
r-devel-linux-x86_64-debian-clang 1.0.1 23.69 140.39 164.08 OK
r-devel-linux-x86_64-debian-gcc 1.0.1 0.58 1.88 2.46 ERROR
r-devel-linux-x86_64-fedora-clang 1.0.1 210.27 NOTE
r-devel-linux-x86_64-fedora-gcc 1.0.1 207.20 NOTE
r-devel-windows-x86_64 1.0.1 15.00 110.00 125.00 OK
r-patched-linux-x86_64 1.0.1 23.73 139.73 163.46 OK
r-release-linux-x86_64 1.0.1 20.06 137.63 157.69 OK
r-release-macos-arm64 1.0.1 79.00 OK
r-release-macos-x86_64 1.0.1 116.00 OK
r-release-windows-x86_64 1.0.1 19.00 113.00 132.00 OK
r-oldrel-macos-arm64 1.0.1 57.00 OK
r-oldrel-macos-x86_64 1.0.1 107.00 OK
r-oldrel-windows-x86_64 1.0.1 21.00 129.00 150.00 OK

Check Details

Version: 1.0.1
Check: package dependencies
Result: ERROR Packages required but not available: 'dplyr', 'lubridate', 'magick', 'pryr', 'rapportools', 'tibble', 'tidyr' Packages suggested but not available for checking: 'forcats', 'kableExtra' See section ‘The DESCRIPTION file’ in the ‘Writing R Extensions’ manual. Flavor: r-devel-linux-x86_64-debian-gcc

Version: 1.0.1
Check: data for non-ASCII characters
Result: NOTE Note: found 78 marked UTF-8 strings Flavors: r-devel-linux-x86_64-fedora-clang, r-devel-linux-x86_64-fedora-gcc