CRAN Package Check Results for Package strucchange

Last updated on 2021-09-16 07:50:11 CEST.

Flavor Version Tinstall Tcheck Ttotal Status Flags
r-devel-linux-x86_64-debian-clang 1.5-2 10.89 111.02 121.91 NOTE
r-devel-linux-x86_64-debian-gcc 1.5-2 7.96 78.60 86.56 NOTE
r-devel-linux-x86_64-fedora-clang 1.5-2 148.17 NOTE
r-devel-linux-x86_64-fedora-gcc 1.5-2 131.26 NOTE
r-devel-windows-x86_64 1.5-2 10.00 131.00 141.00 NOTE
r-devel-windows-x86_64-gcc10-UCRT 1.5-2 NOTE
r-patched-linux-x86_64 1.5-2 10.53 105.71 116.24 NOTE
r-patched-solaris-x86 1.5-2 171.50 NOTE
r-release-linux-x86_64 1.5-2 8.41 104.21 112.62 NOTE
r-release-macos-arm64 1.5-2 NOTE
r-release-macos-x86_64 1.5-2 NOTE
r-release-windows-ix86+x86_64 1.5-2 20.00 124.00 144.00 NOTE
r-oldrel-macos-x86_64 1.5-2 NOTE
r-oldrel-windows-ix86+x86_64 1.5-2 15.00 172.00 187.00 NOTE

Check Details

Version: 1.5-2
Check: R code for possible problems
Result: NOTE
    efpFunctional: multiple local function definitions for 'plotProcess'
     with different formal arguments
    mefp.efp: multiple local function definitions for 'computeEmpProc' with
     different formal arguments
Flavors: r-devel-linux-x86_64-debian-clang, r-devel-linux-x86_64-debian-gcc, r-devel-linux-x86_64-fedora-clang, r-devel-linux-x86_64-fedora-gcc, r-devel-windows-x86_64, r-devel-windows-x86_64-gcc10-UCRT, r-patched-linux-x86_64, r-patched-solaris-x86, r-release-linux-x86_64, r-release-macos-arm64, r-release-macos-x86_64, r-release-windows-ix86+x86_64, r-oldrel-macos-x86_64, r-oldrel-windows-ix86+x86_64