Last updated on 2025-01-24 21:48:40 CET.
Flavor | Version | Tinstall | Tcheck | Ttotal | Status | Flags |
---|---|---|---|---|---|---|
r-devel-linux-x86_64-debian-clang | 0.2.0 | 2.35 | 44.62 | 46.97 | NOTE | |
r-devel-linux-x86_64-debian-gcc | 0.2.0 | 1.73 | 32.92 | 34.65 | NOTE | |
r-devel-linux-x86_64-fedora-clang | 0.2.0 | 76.84 | OK | |||
r-devel-linux-x86_64-fedora-gcc | 0.2.0 | 84.60 | OK | |||
r-devel-windows-x86_64 | 0.2.0 | 4.00 | 63.00 | 67.00 | OK | |
r-patched-linux-x86_64 | 0.2.0 | 2.37 | 41.42 | 43.79 | OK | |
r-release-linux-x86_64 | 0.2.0 | 2.12 | 41.32 | 43.44 | OK | |
r-release-macos-arm64 | 0.2.0 | 34.00 | OK | |||
r-release-macos-x86_64 | 0.2.0 | 45.00 | OK | |||
r-release-windows-x86_64 | 0.2.0 | 4.00 | 63.00 | 67.00 | OK | |
r-oldrel-macos-arm64 | 0.2.0 | 28.00 | OK | |||
r-oldrel-macos-x86_64 | 0.2.0 | 75.00 | OK | |||
r-oldrel-windows-x86_64 | 0.2.0 | 5.00 | 68.00 | 73.00 | OK |
Version: 0.2.0
Check: DESCRIPTION meta-information
Result: NOTE
Missing dependency on R >= 4.1.0 because package code uses the pipe
|> or function shorthand \(...) syntax added in R 4.1.0.
File(s) using such syntax:
‘apportion_inverse.R’ ‘apportion_polygon.R’ ‘apportion_web.R’
‘prep_reach_dist.R’
Flavors: r-devel-linux-x86_64-debian-clang, r-devel-linux-x86_64-debian-gcc