CRAN Package Check Results for Package stplanr

Last updated on 2021-06-22 07:49:46 CEST.

Flavor Version Tinstall Tcheck Ttotal Status Flags
r-devel-linux-x86_64-debian-clang 0.8.2 50.08 206.74 256.82 OK
r-devel-linux-x86_64-debian-gcc 0.8.2 37.69 153.62 191.31 OK
r-devel-linux-x86_64-fedora-clang 0.8.2 320.40 NOTE
r-devel-linux-x86_64-fedora-gcc 0.8.2 320.50 OK
r-devel-windows-x86_64 0.8.2 70.00 308.00 378.00 NOTE
r-devel-windows-x86_64-gcc10-UCRT 0.8.2 ERROR
r-patched-linux-x86_64 0.8.2 50.62 197.85 248.47 OK
r-patched-solaris-x86 0.8.2 399.30 NOTE
r-release-linux-x86_64 0.8.2 45.01 198.25 243.26 OK
r-release-macos-arm64 0.8.2 WARN
r-release-macos-x86_64 0.8.2 WARN
r-release-windows-ix86+x86_64 0.8.2 97.00 447.00 544.00 NOTE
r-oldrel-macos-x86_64 0.8.2 WARN

Check Details

Version: 0.8.2
Check: installed package size
Result: NOTE
     installed size is 6.7Mb
     sub-directories of 1Mb or more:
     doc 2.8Mb
     libs 1.4Mb
Flavors: r-devel-linux-x86_64-fedora-clang, r-devel-windows-x86_64, r-patched-solaris-x86, r-release-macos-arm64, r-release-macos-x86_64, r-release-windows-ix86+x86_64, r-oldrel-macos-x86_64

Version: 0.8.2
Check: package dependencies
Result: ERROR
    Packages required but not available: 'curl', 'httr'
    
    Packages suggested but not available for checking:
     'dodgr', 'cyclestreets', 'pct', 'osrm'
    
    See section 'The DESCRIPTION file' in the 'Writing R Extensions'
    manual.
Flavor: r-devel-windows-x86_64-gcc10-UCRT

Version: 0.8.2
Check: package dependencies
Result: NOTE
    Packages suggested but not available for checking:
     'cyclestreets', 'pct', 'tmap', 'mapsapi'
Flavor: r-release-macos-arm64

Version: 0.8.2
Check: re-building of vignette outputs
Result: WARN
    Error(s) in re-building vignettes:
    --- re-building ‘stplanr-od.Rmd’ using rmarkdown
    Warning in engine$weave(file, quiet = quiet, encoding = enc) :
     Pandoc (>= 1.12.3) not available. Falling back to R Markdown v1.
    
    Attaching package: 'dplyr'
    
    The following objects are masked from 'package:stats':
    
     filter, lag
    
    The following objects are masked from 'package:base':
    
     intersect, setdiff, setequal, union
    
    Quitting from lines 214-218 (stplanr-od.Rmd)
    Error: processing vignette 'stplanr-od.Rmd' failed with diagnostics:
    invalid 'path' argument
    --- failed re-building ‘stplanr-od.Rmd’
    
    --- re-building ‘stplanr-paper.Rmd’ using rmarkdown
    Warning in engine$weave(file, quiet = quiet, encoding = enc) :
     Pandoc (>= 1.12.3) not available. Falling back to R Markdown v1.
    --- finished re-building ‘stplanr-paper.Rmd’
    
    --- re-building ‘stplanr-parallel.Rmd’ using rmarkdown
    Warning in engine$weave(file, quiet = quiet, encoding = enc) :
     Pandoc (>= 1.12.3) not available. Falling back to R Markdown v1.
    --- finished re-building ‘stplanr-parallel.Rmd’
    
    --- re-building ‘stplanr-route-nets.Rmd’ using rmarkdown
    Warning in engine$weave(file, quiet = quiet, encoding = enc) :
     Pandoc (>= 1.12.3) not available. Falling back to R Markdown v1.
    Linking to GEOS 3.9.1, GDAL 3.2.1, PROJ 7.2.1
    --- finished re-building ‘stplanr-route-nets.Rmd’
    
    --- re-building ‘stplanr-routing.Rmd’ using rmarkdown
    Warning in engine$weave(file, quiet = quiet, encoding = enc) :
     Pandoc (>= 1.12.3) not available. Falling back to R Markdown v1.
    --- finished re-building ‘stplanr-routing.Rmd’
    
    --- re-building ‘stplanr.Rmd’ using rmarkdown
    Warning in engine$weave(file, quiet = quiet, encoding = enc) :
     Pandoc (>= 1.12.3) not available. Falling back to R Markdown v1.
    --- finished re-building ‘stplanr.Rmd’
    
    SUMMARY: processing the following file failed:
     ‘stplanr-od.Rmd’
    
    Error: Vignette re-building failed.
    Execution halted
Flavor: r-release-macos-arm64

Version: 0.8.2
Check: re-building of vignette outputs
Result: WARN
    Error(s) in re-building vignettes:
    --- re-building ‘stplanr-od.Rmd’ using rmarkdown
    Warning in engine$weave(file, quiet = quiet, encoding = enc) :
     Pandoc (>= 1.12.3) not available. Falling back to R Markdown v1.
    
    Attaching package: 'dplyr'
    
    The following objects are masked from 'package:stats':
    
     filter, lag
    
    The following objects are masked from 'package:base':
    
     intersect, setdiff, setequal, union
    
    Quitting from lines 214-218 (stplanr-od.Rmd)
    Error: processing vignette 'stplanr-od.Rmd' failed with diagnostics:
    invalid 'path' argument
    --- failed re-building ‘stplanr-od.Rmd’
    
    --- re-building ‘stplanr-paper.Rmd’ using rmarkdown
    Warning in engine$weave(file, quiet = quiet, encoding = enc) :
     Pandoc (>= 1.12.3) not available. Falling back to R Markdown v1.
    --- finished re-building ‘stplanr-paper.Rmd’
    
    --- re-building ‘stplanr-parallel.Rmd’ using rmarkdown
    Warning in engine$weave(file, quiet = quiet, encoding = enc) :
     Pandoc (>= 1.12.3) not available. Falling back to R Markdown v1.
    --- finished re-building ‘stplanr-parallel.Rmd’
    
    --- re-building ‘stplanr-route-nets.Rmd’ using rmarkdown
    Warning in engine$weave(file, quiet = quiet, encoding = enc) :
     Pandoc (>= 1.12.3) not available. Falling back to R Markdown v1.
    Linking to GEOS 3.8.1, GDAL 3.2.1, PROJ 7.2.1
    --- finished re-building ‘stplanr-route-nets.Rmd’
    
    --- re-building ‘stplanr-routing.Rmd’ using rmarkdown
    Warning in engine$weave(file, quiet = quiet, encoding = enc) :
     Pandoc (>= 1.12.3) not available. Falling back to R Markdown v1.
    --- finished re-building ‘stplanr-routing.Rmd’
    
    --- re-building ‘stplanr.Rmd’ using rmarkdown
    Warning in engine$weave(file, quiet = quiet, encoding = enc) :
     Pandoc (>= 1.12.3) not available. Falling back to R Markdown v1.
    --- finished re-building ‘stplanr.Rmd’
    
    SUMMARY: processing the following file failed:
     ‘stplanr-od.Rmd’
    
    Error: Vignette re-building failed.
    Execution halted
Flavor: r-release-macos-x86_64

Version: 0.8.2
Check: re-building of vignette outputs
Result: WARN
    Error(s) in re-building vignettes:
    --- re-building ‘stplanr-od.Rmd’ using rmarkdown
    Warning in engine$weave(file, quiet = quiet, encoding = enc) :
     Pandoc (>= 1.12.3) and/or pandoc-citeproc not available. Falling back to R Markdown v1.
    
    Attaching package: 'dplyr'
    
    The following objects are masked from 'package:stats':
    
     filter, lag
    
    The following objects are masked from 'package:base':
    
     intersect, setdiff, setequal, union
    
    Quitting from lines 214-218 (stplanr-od.Rmd)
    Error: processing vignette 'stplanr-od.Rmd' failed with diagnostics:
    invalid 'path' argument
    --- failed re-building ‘stplanr-od.Rmd’
    
    --- re-building ‘stplanr-paper.Rmd’ using rmarkdown
    Warning in engine$weave(file, quiet = quiet, encoding = enc) :
     Pandoc (>= 1.12.3) and/or pandoc-citeproc not available. Falling back to R Markdown v1.
    --- finished re-building ‘stplanr-paper.Rmd’
    
    --- re-building ‘stplanr-parallel.Rmd’ using rmarkdown
    Warning in engine$weave(file, quiet = quiet, encoding = enc) :
     Pandoc (>= 1.12.3) and/or pandoc-citeproc not available. Falling back to R Markdown v1.
    --- finished re-building ‘stplanr-parallel.Rmd’
    
    --- re-building ‘stplanr-route-nets.Rmd’ using rmarkdown
    Warning in engine$weave(file, quiet = quiet, encoding = enc) :
     Pandoc (>= 1.12.3) and/or pandoc-citeproc not available. Falling back to R Markdown v1.
    Linking to GEOS 3.8.1, GDAL 3.1.4, PROJ 6.3.1
    --- finished re-building ‘stplanr-route-nets.Rmd’
    
    --- re-building ‘stplanr-routing.Rmd’ using rmarkdown
    Warning in engine$weave(file, quiet = quiet, encoding = enc) :
     Pandoc (>= 1.12.3) and/or pandoc-citeproc not available. Falling back to R Markdown v1.
    --- finished re-building ‘stplanr-routing.Rmd’
    
    --- re-building ‘stplanr.Rmd’ using rmarkdown
    Warning in engine$weave(file, quiet = quiet, encoding = enc) :
     Pandoc (>= 1.12.3) and/or pandoc-citeproc not available. Falling back to R Markdown v1.
    --- finished re-building ‘stplanr.Rmd’
    
    SUMMARY: processing the following file failed:
     ‘stplanr-od.Rmd’
    
    Error: Vignette re-building failed.
    Execution halted
Flavor: r-oldrel-macos-x86_64