CRAN Package Check Results for Package stortingscrape

Last updated on 2022-10-06 21:50:08 CEST.

Flavor Version Tinstall Tcheck Ttotal Status Flags
r-devel-linux-x86_64-debian-clang 0.1.2 8.56 70.02 78.58 OK
r-devel-linux-x86_64-debian-gcc 0.1.2 7.32 51.45 58.77 OK
r-devel-linux-x86_64-fedora-clang 0.1.2 107.53 NOTE
r-devel-linux-x86_64-fedora-gcc 0.1.2 101.46 NOTE
r-devel-windows-x86_64 0.1.2 15.00 112.00 127.00 OK
r-patched-linux-x86_64 0.1.2 12.93 63.08 76.01 OK
r-release-linux-x86_64 0.1.2 7.82 63.90 71.72 OK
r-release-macos-arm64 0.1.2 33.00 NOTE
r-release-macos-x86_64 0.1.2 46.00 NOTE
r-release-windows-x86_64 0.1.2 83.00 101.00 184.00 OK

Check Details

Version: 0.1.2
Check: data for non-ASCII characters
Result: NOTE
     Note: found 1725 marked UTF-8 strings
Flavors: r-devel-linux-x86_64-fedora-clang, r-devel-linux-x86_64-fedora-gcc, r-release-macos-arm64, r-release-macos-x86_64