Last updated on 2025-01-17 00:49:21 CET.
Flavor | Version | Tinstall | Tcheck | Ttotal | Status | Flags |
---|---|---|---|---|---|---|
r-devel-linux-x86_64-debian-clang | 1.3.7 | 36.16 | 226.36 | 262.52 | NOTE | |
r-devel-linux-x86_64-debian-gcc | 1.3.7 | 25.32 | 145.40 | 170.72 | NOTE | |
r-devel-linux-x86_64-fedora-clang | 1.3.7 | 439.43 | OK | |||
r-devel-linux-x86_64-fedora-gcc | 1.3.7 | 431.01 | OK | |||
r-devel-windows-x86_64 | 1.3.7 | 36.00 | 273.00 | 309.00 | NOTE | |
r-patched-linux-x86_64 | 1.3.7 | 40.00 | 213.79 | 253.79 | OK | |
r-release-linux-x86_64 | 1.3.7 | 33.56 | 212.87 | 246.43 | OK | |
r-release-macos-arm64 | 1.3.7 | 124.00 | NOTE | |||
r-release-macos-x86_64 | 1.3.7 | 196.00 | NOTE | |||
r-release-windows-x86_64 | 1.3.7 | 38.00 | 279.00 | 317.00 | OK | |
r-oldrel-macos-arm64 | 1.3.7 | 141.00 | NOTE | |||
r-oldrel-macos-x86_64 | 1.3.7 | 346.00 | NOTE | |||
r-oldrel-windows-x86_64 | 1.3.7 | 45.00 | 346.00 | 391.00 | OK |
Version: 1.3.7
Check: Rd cross-references
Result: NOTE
Found the following Rd file(s) with Rd \link{} targets missing package
anchors:
labelTopics.Rd: lda
topicLasso.Rd: glmnet, cv.glmnet
Please provide package anchors for all Rd \link{} targets not in the
package itself and the base packages.
Flavors: r-devel-linux-x86_64-debian-clang, r-devel-linux-x86_64-debian-gcc, r-devel-windows-x86_64
Version: 1.3.7
Check: installed package size
Result: NOTE
installed size is 5.3Mb
sub-directories of 1Mb or more:
data 1.7Mb
libs 2.4Mb
Flavors: r-release-macos-arm64, r-release-macos-x86_64, r-oldrel-macos-arm64, r-oldrel-macos-x86_64