Last updated on 2023-03-30 12:55:24 CEST.
Flavor | Version | Tinstall | Tcheck | Ttotal | Status | Flags |
---|---|---|---|---|---|---|
r-devel-linux-x86_64-debian-clang | 0.1.0 | 8.37 | 80.81 | 89.18 | OK | |
r-devel-linux-x86_64-debian-gcc | 0.1.0 | 6.60 | 60.34 | 66.94 | OK | |
r-devel-linux-x86_64-fedora-clang | 0.1.0 | 108.79 | OK | |||
r-devel-linux-x86_64-fedora-gcc | 0.1.0 | 104.70 | OK | |||
r-patched-linux-x86_64 | 0.1.0 | 8.71 | 74.18 | 82.89 | OK | |
r-release-linux-x86_64 | 0.1.0 | 7.52 | 75.98 | 83.50 | OK | |
r-release-macos-arm64 | 0.1.0 | 34.00 | OK | |||
r-release-macos-x86_64 | 0.1.0 | 62.00 | OK | |||
r-release-windows-x86_64 | 0.1.0 | 13.00 | 115.00 | 128.00 | OK | |
r-oldrel-macos-arm64 | 0.1.0 | 55.00 | OK | |||
r-oldrel-macos-x86_64 | 0.1.0 | 90.00 | OK | |||
r-oldrel-windows-ix86+x86_64 | 0.1.0 | 23.00 | 105.00 | 128.00 | NOTE |
Version: 0.1.0
Check: R code for possible problems
Result: NOTE
Initiating curl with CURL_SSL_BACKEND: openssl
Flavor: r-oldrel-windows-ix86+x86_64