CRAN Package Check Results for Package stcos

Last updated on 2021-08-01 07:52:07 CEST.

Flavor Version Tinstall Tcheck Ttotal Status Flags
r-devel-linux-x86_64-debian-clang 0.3.0 96.87 162.87 259.74 OK
r-devel-linux-x86_64-debian-gcc 0.3.0 65.43 133.04 198.47 OK
r-devel-linux-x86_64-fedora-clang 0.3.0 343.44 NOTE
r-devel-linux-x86_64-fedora-gcc 0.3.0 310.91 OK
r-devel-windows-x86_64 0.3.0 85.00 199.00 284.00 OK
r-devel-windows-x86_64-gcc10-UCRT 0.3.0 OK
r-patched-linux-x86_64 0.3.0 OK
r-patched-solaris-x86 0.3.0 411.20 OK
r-release-linux-x86_64 0.3.0 75.92 158.96 234.88 OK
r-release-macos-arm64 0.3.0 NOTE
r-release-macos-x86_64 0.3.0 NOTE
r-release-windows-ix86+x86_64 0.3.0 218.00 250.00 468.00 NOTE
r-oldrel-macos-x86_64 0.3.0 NOTE
r-oldrel-windows-ix86+x86_64 0.3.0 161.00 304.00 465.00 NOTE

Check Details

Version: 0.3.0
Check: installed package size
Result: NOTE
     installed size is 6.7Mb
     sub-directories of 1Mb or more:
     data 2.3Mb
     libs 4.1Mb
Flavors: r-devel-linux-x86_64-fedora-clang, r-release-macos-arm64, r-release-macos-x86_64, r-release-windows-ix86+x86_64, r-oldrel-macos-x86_64, r-oldrel-windows-ix86+x86_64