CRAN Package Check Results for Package statpsych

Last updated on 2021-12-07 20:52:55 CET.

Flavor Version Tinstall Tcheck Ttotal Status Flags
r-devel-linux-x86_64-debian-clang 1.0.0 8.87 60.26 69.13 OK
r-devel-linux-x86_64-debian-gcc 1.0.0 5.83 46.83 52.66 OK
r-devel-linux-x86_64-fedora-clang 1.0.0 84.64 NOTE
r-devel-linux-x86_64-fedora-gcc 1.0.0 73.47 NOTE
r-devel-windows-x86_64-new-UL 1.0.0 22.00 98.00 120.00 OK
r-devel-windows-x86_64-new-TK 1.0.0 NOTE
r-devel-windows-x86_64-old 1.0.0 13.00 60.00 73.00 OK
r-patched-linux-x86_64 1.0.0 8.44 59.76 68.20 OK
r-release-linux-x86_64 1.0.0 7.45 59.24 66.69 OK
r-release-macos-arm64 1.0.0 NOTE
r-release-macos-x86_64 1.0.0 NOTE
r-release-windows-ix86+x86_64 1.0.0 11.00 75.00 86.00 OK
r-oldrel-macos-x86_64 1.0.0 NOTE
r-oldrel-windows-ix86+x86_64 1.0.0 14.00 76.00 90.00 OK

Check Details

Version: 1.0.0
Check: dependencies in R code
Result: NOTE
    Namespaces in Imports field not imported from:
     ‘Rdpack’ ‘mathjaxr’
     All declared Imports should be used.
Flavors: r-devel-linux-x86_64-fedora-clang, r-devel-linux-x86_64-fedora-gcc, r-devel-windows-x86_64-new-TK, r-release-macos-arm64, r-release-macos-x86_64, r-oldrel-macos-x86_64