CRAN Package Check Results for Package statnetWeb

Last updated on 2021-06-16 07:50:06 CEST.

Flavor Version Tinstall Tcheck Ttotal Status Flags
r-devel-linux-x86_64-debian-clang 0.5.6 8.79 85.45 94.24 WARN
r-devel-linux-x86_64-debian-gcc 0.5.6 7.59 63.44 71.03 WARN
r-devel-linux-x86_64-fedora-clang 0.5.6 118.24 WARN
r-devel-linux-x86_64-fedora-gcc 0.5.6 105.96 WARN
r-devel-windows-x86_64 0.5.6 14.00 99.00 113.00 NOTE
r-devel-windows-x86_64-gcc10-UCRT 0.5.6 NOTE
r-patched-linux-x86_64 0.5.6 9.63 78.91 88.54 NOTE
r-patched-solaris-x86 0.5.6 163.70 WARN
r-release-linux-x86_64 0.5.6 8.01 78.62 86.63 NOTE
r-release-macos-arm64 0.5.6 NOTE
r-release-macos-x86_64 0.5.6 NOTE
r-release-windows-ix86+x86_64 0.5.6 23.00 100.00 123.00 NOTE
r-oldrel-macos-x86_64 0.5.6 OK
r-oldrel-windows-ix86+x86_64 0.5.6 30.00 106.00 136.00 OK

Check Details

Version: 0.5.6
Check: whether package can be installed
Result: WARN
    Found the following significant warnings:
     Warning: replacing previous import 'ergm::symmetrize' by 'sna::symmetrize' when loading 'statnetWeb'
Flavors: r-devel-linux-x86_64-debian-clang, r-devel-linux-x86_64-debian-gcc, r-devel-linux-x86_64-fedora-clang, r-devel-linux-x86_64-fedora-gcc, r-patched-solaris-x86

Version: 0.5.6
Check: LazyData
Result: NOTE
     'LazyData' is specified without a 'data' directory
Flavors: r-devel-linux-x86_64-debian-clang, r-devel-linux-x86_64-debian-gcc, r-devel-linux-x86_64-fedora-clang, r-devel-linux-x86_64-fedora-gcc, r-devel-windows-x86_64, r-devel-windows-x86_64-gcc10-UCRT, r-patched-linux-x86_64, r-patched-solaris-x86, r-release-linux-x86_64, r-release-macos-arm64, r-release-macos-x86_64, r-release-windows-ix86+x86_64