Last updated on 2023-02-08 06:56:39 CET.
Flavor | Version | Tinstall | Tcheck | Ttotal | Status | Flags |
---|---|---|---|---|---|---|
r-devel-linux-x86_64-debian-clang | 1.2.1 | 19.55 | 255.12 | 274.67 | OK | |
r-devel-linux-x86_64-debian-gcc | 1.2.1 | 15.35 | 178.29 | 193.64 | OK | |
r-devel-linux-x86_64-fedora-clang | 1.2.1 | 324.31 | NOTE | |||
r-devel-linux-x86_64-fedora-gcc | 1.2.1 | 319.98 | NOTE | |||
r-devel-windows-x86_64 | 1.2.1 | 44.00 | 290.00 | 334.00 | OK | |
r-patched-linux-x86_64 | 1.2.1 | 25.79 | 232.06 | 257.85 | OK | |
r-release-linux-x86_64 | 1.2.1 | 19.01 | 242.69 | 261.70 | OK | |
r-release-macos-arm64 | 1.2.1 | 58.00 | NOTE | |||
r-release-macos-x86_64 | 1.2.1 | 6.00 | ERROR | |||
r-release-windows-x86_64 | 1.2.1 | 40.00 | 295.00 | 335.00 | OK | |
r-oldrel-macos-arm64 | 1.2.1 | 10.00 | ERROR | |||
r-oldrel-macos-x86_64 | 1.2.1 | 11.00 | ERROR | |||
r-oldrel-windows-ix86+x86_64 | 1.2.1 | 47.00 | 267.00 | 314.00 | OK |
Version: 1.2.1
Check: package dependencies
Result: NOTE
Imports includes 23 non-default packages.
Importing from so many packages makes the package vulnerable to any of
them becoming unavailable. Move as many as possible to Suggests and
use conditionally.
Flavor: r-devel-linux-x86_64-fedora-clang
Version: 1.2.1
Check: dependencies in R code
Result: NOTE
Namespaces in Imports field not imported from:
‘gbm’ ‘ggfortify’ ‘tibble’ ‘tidyverse’
All declared Imports should be used.
Flavors: r-devel-linux-x86_64-fedora-clang, r-devel-linux-x86_64-fedora-gcc, r-release-macos-arm64
Version: 1.2.1
Check: package dependencies
Result: ERROR
Package required but not available: ‘pvca’
See section ‘The DESCRIPTION file’ in the ‘Writing R Extensions’
manual.
Flavors: r-release-macos-x86_64, r-oldrel-macos-arm64, r-oldrel-macos-x86_64