CRAN Package Check Results for Package starschemar

Last updated on 2021-09-25 01:50:34 CEST.

Flavor Version Tinstall Tcheck Ttotal Status Flags
r-devel-linux-x86_64-debian-clang 1.2.0 7.23 100.73 107.96 OK
r-devel-linux-x86_64-debian-gcc 1.2.0 6.32 75.02 81.34 OK
r-devel-linux-x86_64-fedora-clang 1.2.0 134.03 NOTE
r-devel-linux-x86_64-fedora-gcc 1.2.0 126.74 NOTE
r-devel-windows-x86_64 1.2.0 10.00 101.00 111.00 OK
r-devel-windows-x86_64-gcc10-UCRT 1.2.0 NOTE
r-patched-linux-x86_64 1.2.0 9.26 95.98 105.24 OK
r-patched-solaris-x86 1.2.0 163.70 NOTE
r-release-linux-x86_64 1.2.0 6.54 94.21 100.75 OK
r-release-macos-arm64 1.2.0 NOTE
r-release-macos-x86_64 1.2.0 NOTE
r-release-windows-ix86+x86_64 1.2.0 14.00 97.00 111.00 OK
r-oldrel-macos-x86_64 1.2.0 NOTE
r-oldrel-windows-ix86+x86_64 1.2.0 11.00 101.00 112.00 OK

Check Details

Version: 1.2.0
Check: dependencies in R code
Result: NOTE
    Namespaces in Imports field not imported from:
     ‘pander’ ‘readr’ ‘tidyselect’
     All declared Imports should be used.
Flavors: r-devel-linux-x86_64-fedora-clang, r-devel-linux-x86_64-fedora-gcc, r-devel-windows-x86_64-gcc10-UCRT, r-patched-solaris-x86, r-release-macos-arm64, r-release-macos-x86_64, r-oldrel-macos-x86_64