CRAN Package Check Results for Package starma

Last updated on 2022-09-28 00:52:55 CEST.

Flavor Version Tinstall Tcheck Ttotal Status Flags
r-devel-linux-x86_64-debian-clang 1.3 51.91 74.24 126.15 OK
r-devel-linux-x86_64-debian-gcc 1.3 42.87 55.63 98.50 OK
r-devel-linux-x86_64-fedora-clang 1.3 184.95 NOTE
r-devel-linux-x86_64-fedora-gcc 1.3 173.80 NOTE
r-devel-windows-x86_64 1.3 44.00 124.00 168.00 OK
r-patched-linux-x86_64 1.3 46.51 70.12 116.63 OK
r-release-linux-x86_64 1.3 51.12 69.02 120.14 OK
r-release-macos-arm64 1.3 49.00 OK
r-release-macos-x86_64 1.3 82.00 OK
r-release-windows-x86_64 1.3 45.00 123.00 168.00 OK
r-oldrel-macos-arm64 1.3 55.00 OK
r-oldrel-macos-x86_64 1.3 83.00 OK
r-oldrel-windows-ix86+x86_64 1.3 134.00 145.00 279.00 OK

Check Details

Version: 1.3
Check: compiled code
Result: NOTE
    File ‘starma/libs/starma.so’:
     Found no calls to: ‘R_registerRoutines’, ‘R_useDynamicSymbols’
    
    It is good practice to register native routines and to disable symbol
    search.
    
    See ‘Writing portable packages’ in the ‘Writing R Extensions’ manual.
Flavors: r-devel-linux-x86_64-fedora-clang, r-devel-linux-x86_64-fedora-gcc