CRAN Package Check Results for Package staplr

Last updated on 2021-11-26 19:53:06 CET.

Flavor Version Tinstall Tcheck Ttotal Status Flags
r-devel-linux-x86_64-debian-clang 3.1.1 5.91 99.70 105.61 NOTE
r-devel-linux-x86_64-debian-gcc 3.1.1 3.88 76.81 80.69 NOTE
r-devel-linux-x86_64-fedora-clang 3.1.1 140.64 NOTE
r-devel-linux-x86_64-fedora-gcc 3.1.1 131.46 NOTE
r-devel-windows-x86_64-new-UL 3.1.1 16.00 140.00 156.00 NOTE
r-devel-windows-x86_64-new-TK 3.1.1 NOTE
r-devel-windows-x86_64-old 3.1.1 7.00 107.00 114.00 NOTE
r-patched-linux-x86_64 3.1.1 5.40 100.43 105.83 NOTE
r-release-linux-x86_64 3.1.1 NOTE
r-release-macos-arm64 3.1.1 NOTE
r-release-macos-x86_64 3.1.1 NOTE
r-release-windows-ix86+x86_64 3.1.1 11.00 83.00 94.00 NOTE
r-oldrel-macos-x86_64 3.1.1 OK
r-oldrel-windows-ix86+x86_64 3.1.1 9.00 113.00 122.00 OK

Check Details

Version: 3.1.1
Check: LazyData
Result: NOTE
     'LazyData' is specified without a 'data' directory
Flavors: r-devel-linux-x86_64-debian-clang, r-devel-linux-x86_64-debian-gcc, r-devel-linux-x86_64-fedora-clang, r-devel-linux-x86_64-fedora-gcc, r-devel-windows-x86_64-new-UL, r-devel-windows-x86_64-new-TK, r-devel-windows-x86_64-old, r-patched-linux-x86_64, r-release-linux-x86_64, r-release-macos-arm64, r-release-macos-x86_64, r-release-windows-ix86+x86_64