CRAN Package Check Results for Package staggered

Last updated on 2021-11-26 19:53:06 CET.

Flavor Version Tinstall Tcheck Ttotal Status Flags
r-devel-linux-x86_64-debian-clang 1.1 68.72 56.72 125.44 OK
r-devel-linux-x86_64-debian-gcc 1.1 57.84 39.16 97.00 OK
r-devel-linux-x86_64-fedora-clang 1.1 181.14 NOTE
r-devel-linux-x86_64-fedora-gcc 1.1 162.49 NOTE
r-devel-windows-x86_64-new-UL 1.1 78.00 126.00 204.00 OK
r-devel-windows-x86_64-new-TK 1.1 NOTE
r-devel-windows-x86_64-old 1.1 70.00 93.00 163.00 OK
r-patched-linux-x86_64 1.1 65.02 48.02 113.04 OK
r-patched-solaris-x86 1.1 167.90 NOTE
r-release-linux-x86_64 1.1 OK
r-release-macos-arm64 1.1 NOTE
r-release-macos-x86_64 1.1 NOTE
r-release-windows-ix86+x86_64 1.1 154.00 83.00 237.00 OK
r-oldrel-macos-x86_64 1.1 NOTE
r-oldrel-windows-ix86+x86_64 1.1 135.00 112.00 247.00 OK

Check Details

Version: 1.1
Check: installed package size
Result: NOTE
     installed size is 25.6Mb
     sub-directories of 1Mb or more:
     libs 25.0Mb
Flavors: r-devel-linux-x86_64-fedora-clang, r-release-macos-arm64, r-release-macos-x86_64, r-oldrel-macos-x86_64

Version: 1.1
Check: dependencies in R code
Result: NOTE
    Namespaces in Imports field not imported from:
     ‘reshape2’ ‘stats’
     All declared Imports should be used.
Flavors: r-devel-linux-x86_64-fedora-clang, r-devel-linux-x86_64-fedora-gcc, r-devel-windows-x86_64-new-TK, r-patched-solaris-x86, r-release-macos-arm64, r-release-macos-x86_64, r-oldrel-macos-x86_64