Last updated on 2023-03-21 21:57:21 CET.
Flavor | Version | Tinstall | Tcheck | Ttotal | Status | Flags |
---|---|---|---|---|---|---|
r-devel-linux-x86_64-debian-clang | 1.1 | 70.15 | 69.48 | 139.63 | OK | |
r-devel-linux-x86_64-debian-gcc | 1.1 | 63.70 | 46.16 | 109.86 | OK | |
r-devel-linux-x86_64-fedora-clang | 1.1 | 171.14 | NOTE | |||
r-devel-linux-x86_64-fedora-gcc | 1.1 | 171.49 | NOTE | |||
r-patched-linux-x86_64 | 1.1 | 62.38 | 56.09 | 118.47 | OK | |
r-release-linux-x86_64 | 1.1 | 58.56 | 56.50 | 115.06 | OK | |
r-release-macos-arm64 | 1.1 | 53.00 | NOTE | |||
r-release-macos-x86_64 | 1.1 | 95.00 | NOTE | |||
r-release-windows-x86_64 | 1.1 | 66.00 | 106.00 | 172.00 | OK | |
r-oldrel-macos-arm64 | 1.1 | 44.00 | NOTE | |||
r-oldrel-macos-x86_64 | 1.1 | 62.00 | NOTE | |||
r-oldrel-windows-ix86+x86_64 | 1.1 | 153.00 | 120.00 | 273.00 | OK |
Version: 1.1
Check: dependencies in R code
Result: NOTE
Namespaces in Imports field not imported from:
‘reshape2’ ‘stats’
All declared Imports should be used.
Flavors: r-devel-linux-x86_64-fedora-clang, r-devel-linux-x86_64-fedora-gcc, r-release-macos-arm64, r-release-macos-x86_64, r-oldrel-macos-arm64, r-oldrel-macos-x86_64
Version: 1.1
Check: installed package size
Result: NOTE
installed size is 28.7Mb
sub-directories of 1Mb or more:
libs 28.1Mb
Flavors: r-release-macos-arm64, r-release-macos-x86_64, r-oldrel-macos-arm64, r-oldrel-macos-x86_64