CRAN Package Check Results for Package stabledist

Last updated on 2022-10-05 00:52:55 CEST.

Flavor Version Tinstall Tcheck Ttotal Status Flags
r-devel-linux-x86_64-debian-clang 0.7-1 3.21 90.46 93.67 NOTE
r-devel-linux-x86_64-debian-gcc 0.7-1 2.08 62.90 64.98 NOTE
r-devel-linux-x86_64-fedora-clang 0.7-1 122.26 NOTE
r-devel-linux-x86_64-fedora-gcc 0.7-1 118.57 NOTE
r-devel-windows-x86_64 0.7-1 13.00 121.00 134.00 NOTE
r-patched-linux-x86_64 0.7-1 3.45 84.65 88.10 NOTE
r-release-linux-x86_64 0.7-1 2.82 85.81 88.63 NOTE
r-release-macos-arm64 0.7-1 29.00 NOTE
r-release-macos-x86_64 0.7-1 48.00 NOTE
r-release-windows-x86_64 0.7-1 13.00 117.00 130.00 NOTE
r-oldrel-macos-arm64 0.7-1 33.00 NOTE
r-oldrel-macos-x86_64 0.7-1 65.00 NOTE
r-oldrel-windows-ix86+x86_64 0.7-1 7.00 118.00 125.00 NOTE

Check Details

Version: 0.7-1
Check: LazyData
Result: NOTE
     'LazyData' is specified without a 'data' directory
Flavors: r-devel-linux-x86_64-debian-clang, r-devel-linux-x86_64-debian-gcc, r-devel-linux-x86_64-fedora-clang, r-devel-linux-x86_64-fedora-gcc, r-devel-windows-x86_64, r-patched-linux-x86_64, r-release-linux-x86_64, r-release-macos-arm64, r-release-macos-x86_64, r-release-windows-x86_64, r-oldrel-macos-arm64, r-oldrel-macos-x86_64, r-oldrel-windows-ix86+x86_64