CRAN Package Check Results for Package stabledist

Last updated on 2021-09-24 01:50:21 CEST.

Flavor Version Tinstall Tcheck Ttotal Status Flags
r-devel-linux-x86_64-debian-clang 0.7-1 3.18 94.49 97.67 NOTE
r-devel-linux-x86_64-debian-gcc 0.7-1 2.32 64.50 66.82 NOTE
r-devel-linux-x86_64-fedora-clang 0.7-1 121.72 NOTE
r-devel-linux-x86_64-fedora-gcc 0.7-1 112.69 NOTE
r-devel-windows-x86_64 0.7-1 4.00 83.00 87.00 NOTE
r-devel-windows-x86_64-gcc10-UCRT 0.7-1 NOTE
r-patched-linux-x86_64 0.7-1 2.49 88.06 90.55 NOTE
r-patched-solaris-x86 0.7-1 135.60 NOTE
r-release-linux-x86_64 0.7-1 2.84 90.24 93.08 NOTE
r-release-macos-arm64 0.7-1 NOTE
r-release-macos-x86_64 0.7-1 NOTE
r-release-windows-ix86+x86_64 0.7-1 6.00 92.00 98.00 NOTE
r-oldrel-macos-x86_64 0.7-1 OK
r-oldrel-windows-ix86+x86_64 0.7-1 31.00 92.00 123.00 OK

Check Details

Version: 0.7-1
Check: LazyData
Result: NOTE
     'LazyData' is specified without a 'data' directory
Flavors: r-devel-linux-x86_64-debian-clang, r-devel-linux-x86_64-debian-gcc, r-devel-linux-x86_64-fedora-clang, r-devel-linux-x86_64-fedora-gcc, r-devel-windows-x86_64, r-devel-windows-x86_64-gcc10-UCRT, r-patched-linux-x86_64, r-patched-solaris-x86, r-release-linux-x86_64, r-release-macos-arm64, r-release-macos-x86_64, r-release-windows-ix86+x86_64