CRAN Package Check Results for Package stable

Last updated on 2024-05-24 12:58:18 CEST.

Flavor Version Tinstall Tcheck Ttotal Status Flags
r-devel-linux-x86_64-debian-clang 1.1.6 5.40 33.97 39.37 NOTE
r-devel-linux-x86_64-debian-gcc 1.1.6 3.64 24.81 28.45 NOTE
r-devel-linux-x86_64-fedora-clang 1.1.6 49.57 NOTE
r-devel-linux-x86_64-fedora-gcc 1.1.6 46.38 NOTE
r-devel-windows-x86_64 1.1.6 7.00 51.00 58.00 NOTE
r-patched-linux-x86_64 1.1.6 4.95 31.66 36.61 NOTE
r-release-linux-x86_64 1.1.6 5.25 32.12 37.37 NOTE
r-release-macos-arm64 1.1.6 18.00 NOTE
r-release-windows-x86_64 1.1.6 6.00 50.00 56.00 NOTE
r-oldrel-macos-arm64 1.1.6 20.00 NOTE
r-oldrel-macos-x86_64 1.1.6 26.00 NOTE
r-oldrel-windows-x86_64 1.1.6 9.00 53.00 62.00 NOTE

Check Details

Version: 1.1.6
Check: package subdirectories
Result: NOTE Problems with news in ‘NEWS.md’: No news entries found. Flavors: r-devel-linux-x86_64-debian-clang, r-devel-linux-x86_64-debian-gcc, r-devel-linux-x86_64-fedora-clang, r-devel-linux-x86_64-fedora-gcc, r-devel-windows-x86_64, r-patched-linux-x86_64, r-release-linux-x86_64, r-release-macos-arm64, r-release-windows-x86_64, r-oldrel-macos-arm64, r-oldrel-macos-x86_64, r-oldrel-windows-x86_64