CRAN Package Check Results for Package sta

Last updated on 2021-06-16 07:50:06 CEST.

Flavor Version Tinstall Tcheck Ttotal Status Flags
r-devel-linux-x86_64-debian-clang 0.1.5 15.13 123.84 138.97 OK
r-devel-linux-x86_64-debian-gcc 0.1.5 11.63 92.64 104.27 OK
r-devel-linux-x86_64-fedora-clang 0.1.5 179.83 NOTE
r-devel-linux-x86_64-fedora-gcc 0.1.5 168.24 NOTE
r-devel-windows-x86_64 0.1.5 21.00 137.00 158.00 OK
r-devel-windows-x86_64-gcc10-UCRT 0.1.5 ERROR
r-patched-linux-x86_64 0.1.5 12.76 116.61 129.37 OK
r-patched-solaris-x86 0.1.5 226.70 NOTE
r-release-linux-x86_64 0.1.5 12.89 115.89 128.78 OK
r-release-macos-arm64 0.1.5 NOTE
r-release-macos-x86_64 0.1.5 NOTE
r-release-windows-ix86+x86_64 0.1.5 32.00 136.00 168.00 OK
r-oldrel-macos-x86_64 0.1.5 NOTE
r-oldrel-windows-ix86+x86_64 0.1.5 24.00 153.00 177.00 OK

Check Details

Version: 0.1.5
Check: dependencies in R code
Result: NOTE
    Namespaces in Imports field not imported from:
     ‘iterators’ ‘methods’ ‘rgdal’
     All declared Imports should be used.
Flavors: r-devel-linux-x86_64-fedora-clang, r-devel-linux-x86_64-fedora-gcc, r-patched-solaris-x86, r-release-macos-arm64, r-release-macos-x86_64, r-oldrel-macos-x86_64

Version: 0.1.5
Check: package dependencies
Result: ERROR
    Package required but not available: 'mapview'
    
    See section 'The DESCRIPTION file' in the 'Writing R Extensions'
    manual.
Flavor: r-devel-windows-x86_64-gcc10-UCRT