CRAN Package Check Results for Package stR

Last updated on 2021-07-23 19:50:18 CEST.

Flavor Version Tinstall Tcheck Ttotal Status Flags
r-devel-linux-x86_64-debian-clang 0.4 14.67 179.77 194.44 OK
r-devel-linux-x86_64-debian-gcc 0.4 12.59 129.83 142.42 OK
r-devel-linux-x86_64-fedora-clang 0.4 240.21 OK
r-devel-linux-x86_64-fedora-gcc 0.4 228.38 OK
r-devel-windows-x86_64 0.4 20.00 170.00 190.00 NOTE
r-devel-windows-x86_64-gcc10-UCRT 0.4 NOTE
r-patched-linux-x86_64 0.4 20.78 167.57 188.35 OK
r-patched-solaris-x86 0.4 314.10 WARN
r-release-linux-x86_64 0.4 14.47 167.39 181.86 OK
r-release-macos-arm64 0.4 OK
r-release-macos-x86_64 0.4 OK
r-release-windows-ix86+x86_64 0.4 38.00 165.00 203.00 NOTE
r-oldrel-macos-x86_64 0.4 OK
r-oldrel-windows-ix86+x86_64 0.4 28.00 198.00 226.00 NOTE

Additional issues

M1mac

Check Details

Version: 0.4
Check: package dependencies
Result: NOTE
    Package suggested but not available for checking: 'doMC'
Flavors: r-devel-windows-x86_64, r-devel-windows-x86_64-gcc10-UCRT, r-release-windows-ix86+x86_64, r-oldrel-windows-ix86+x86_64

Version: 0.4
Check: package dependencies
Result: NOTE
    Package suggested but not available for checking: ‘seasonal’
Flavor: r-patched-solaris-x86

Version: 0.4
Check: re-building of vignette outputs
Result: WARN
    Error(s) in re-building vignettes:
     ...
    --- re-building ‘stRvignette.Rmd’ using rmarkdown
    Warning in engine$weave(file, quiet = quiet, encoding = enc) :
     Pandoc (>= 1.12.3) not available. Falling back to R Markdown v1.
    Quitting from lines 13-17 (stRvignette.Rmd)
    Error: processing vignette 'stRvignette.Rmd' failed with diagnostics:
    there is no package called 'seasonal'
    --- failed re-building ‘stRvignette.Rmd’
    
    SUMMARY: processing the following file failed:
     ‘stRvignette.Rmd’
    
    Error: Vignette re-building failed.
    Execution halted
Flavor: r-patched-solaris-x86