CRAN Package Check Results for Package squid

Last updated on 2022-09-28 06:54:20 CEST.

Flavor Version Tinstall Tcheck Ttotal Status Flags
r-devel-linux-x86_64-debian-clang 0.2.1 5.71 42.64 48.35 OK
r-devel-linux-x86_64-debian-gcc 0.2.1 3.59 32.00 35.59 OK
r-devel-linux-x86_64-fedora-clang 0.2.1 71.04 NOTE
r-devel-linux-x86_64-fedora-gcc 0.2.1 69.39 NOTE
r-devel-windows-x86_64 0.2.1 165.00 69.00 234.00 NOTE
r-patched-linux-x86_64 0.2.1 5.68 40.19 45.87 OK
r-release-linux-x86_64 0.2.1 3.92 39.05 42.97 OK
r-release-macos-arm64 0.2.1 25.00 NOTE
r-release-macos-x86_64 0.2.1 35.00 NOTE
r-release-windows-x86_64 0.2.1 232.00 78.00 310.00 NOTE
r-oldrel-macos-arm64 0.2.1 22.00 NOTE
r-oldrel-macos-x86_64 0.2.1 29.00 NOTE
r-oldrel-windows-ix86+x86_64 0.2.1 13.00 63.00 76.00 NOTE

Check Details

Version: 0.2.1
Check: installed package size
Result: NOTE
     installed size is 5.8Mb
     sub-directories of 1Mb or more:
     shiny-squid 5.6Mb
Flavors: r-devel-linux-x86_64-fedora-clang, r-devel-windows-x86_64, r-release-macos-arm64, r-release-macos-x86_64, r-release-windows-x86_64, r-oldrel-macos-arm64, r-oldrel-macos-x86_64, r-oldrel-windows-ix86+x86_64

Version: 0.2.1
Check: dependencies in R code
Result: NOTE
    Namespaces in Imports field not imported from:
     ‘arm’ ‘brms’ ‘lme4’ ‘plotly’ ‘shinyMatrix’
     All declared Imports should be used.
Flavors: r-devel-linux-x86_64-fedora-clang, r-devel-linux-x86_64-fedora-gcc, r-release-macos-arm64, r-release-macos-x86_64, r-oldrel-macos-arm64, r-oldrel-macos-x86_64