CRAN Package Check Results for Package squid

Last updated on 2021-06-20 13:49:14 CEST.

Flavor Version Tinstall Tcheck Ttotal Status Flags
r-devel-linux-x86_64-debian-clang 0.1.2 4.59 41.28 45.87 NOTE
r-devel-linux-x86_64-debian-gcc 0.1.2 2.96 30.76 33.72 NOTE
r-devel-linux-x86_64-fedora-clang 0.1.2 63.40 NOTE
r-devel-linux-x86_64-fedora-gcc 0.1.2 54.34 NOTE
r-devel-windows-x86_64 0.1.2 8.00 55.00 63.00 NOTE
r-devel-windows-x86_64-gcc10-UCRT 0.1.2 NOTE
r-patched-linux-x86_64 0.1.2 4.49 38.41 42.90 NOTE
r-patched-solaris-x86 0.1.2 75.70 NOTE
r-release-linux-x86_64 0.1.2 4.49 38.19 42.68 NOTE
r-release-macos-arm64 0.1.2 NOTE
r-release-macos-x86_64 0.1.2 NOTE
r-release-windows-ix86+x86_64 0.1.2 10.00 60.00 70.00 NOTE
r-oldrel-macos-x86_64 0.1.2 OK
r-oldrel-windows-ix86+x86_64 0.1.2 7.00 59.00 66.00 OK

Check Details

Version: 0.1.2
Check: LazyData
Result: NOTE
     'LazyData' is specified without a 'data' directory
Flavors: r-devel-linux-x86_64-debian-clang, r-devel-linux-x86_64-debian-gcc, r-devel-linux-x86_64-fedora-clang, r-devel-linux-x86_64-fedora-gcc, r-devel-windows-x86_64, r-devel-windows-x86_64-gcc10-UCRT, r-patched-linux-x86_64, r-patched-solaris-x86, r-release-linux-x86_64, r-release-macos-arm64, r-release-macos-x86_64, r-release-windows-ix86+x86_64