CRAN Package Check Results for Package sptotal

Last updated on 2021-10-24 13:55:52 CEST.

Flavor Version Tinstall Tcheck Ttotal Status Flags
r-devel-linux-x86_64-debian-clang 1.0.0 6.61 107.70 114.31 OK
r-devel-linux-x86_64-debian-gcc 1.0.0 5.03 81.15 86.18 OK
r-devel-linux-x86_64-fedora-clang 1.0.0 144.70 NOTE
r-devel-linux-x86_64-fedora-gcc 1.0.0 134.03 NOTE
r-devel-windows-x86_64 1.0.0 21.00 112.00 133.00 OK
r-devel-windows-x86_64-gcc10-UCRT 1.0.0 NOTE
r-patched-linux-x86_64 1.0.0 5.98 101.27 107.25 OK
r-patched-solaris-x86 1.0.0 121.50 NOTE
r-release-linux-x86_64 1.0.0 6.28 100.11 106.39 OK
r-release-macos-arm64 1.0.0 NOTE
r-release-macos-x86_64 1.0.0 NOTE
r-release-windows-ix86+x86_64 1.0.0 12.00 150.00 162.00 OK
r-oldrel-macos-x86_64 1.0.0 NOTE
r-oldrel-windows-ix86+x86_64 1.0.0 15.00 148.00 163.00 OK

Check Details

Version: 1.0.0
Check: dependencies in R code
Result: NOTE
    Namespace in Imports field not imported from: ‘sp’
     All declared Imports should be used.
Flavors: r-devel-linux-x86_64-fedora-clang, r-devel-linux-x86_64-fedora-gcc, r-devel-windows-x86_64-gcc10-UCRT, r-patched-solaris-x86, r-release-macos-arm64, r-release-macos-x86_64, r-oldrel-macos-x86_64