Last updated on 2023-03-26 18:54:51 CEST.
Flavor | Version | Tinstall | Tcheck | Ttotal | Status | Flags |
---|---|---|---|---|---|---|
r-devel-linux-x86_64-debian-clang | 1.0-22 | 26.70 | 131.39 | 158.09 | NOTE | |
r-devel-linux-x86_64-debian-gcc | 1.0-22 | 23.03 | 99.97 | 123.00 | NOTE | |
r-devel-linux-x86_64-fedora-clang | 1.0-22 | 210.43 | NOTE | |||
r-devel-linux-x86_64-fedora-gcc | 1.0-22 | 207.57 | NOTE | |||
r-patched-linux-x86_64 | 1.0-22 | 26.96 | 126.37 | 153.33 | NOTE | |
r-release-linux-x86_64 | 1.0-22 | 20.66 | 129.55 | 150.21 | OK | |
r-release-macos-arm64 | 1.0-22 | 70.00 | OK | |||
r-release-macos-x86_64 | 1.0-22 | 85.00 | OK | |||
r-release-windows-x86_64 | 1.0-22 | 45.00 | 217.00 | 262.00 | OK | |
r-oldrel-macos-arm64 | 1.0-22 | 64.00 | OK | |||
r-oldrel-macos-x86_64 | 1.0-22 | 88.00 | OK | |||
r-oldrel-windows-ix86+x86_64 | 1.0-22 | 70.00 | 241.00 | 311.00 | OK |
Version: 1.0-22
Check: C++ specification
Result: NOTE
Specified C++11: please drop specification unless essential
Flavors: r-devel-linux-x86_64-debian-clang, r-devel-linux-x86_64-debian-gcc, r-devel-linux-x86_64-fedora-clang, r-devel-linux-x86_64-fedora-gcc, r-patched-linux-x86_64