CRAN Package Check Results for Package spotifyr

Last updated on 2021-11-26 19:53:06 CET.

Flavor Version Tinstall Tcheck Ttotal Status Flags
r-devel-linux-x86_64-debian-clang 2.2.3 13.98 109.78 123.76 OK
r-devel-linux-x86_64-debian-gcc 2.2.3 10.76 82.28 93.04 OK
r-devel-linux-x86_64-fedora-clang 2.2.3 156.62 NOTE
r-devel-linux-x86_64-fedora-gcc 2.2.3 143.61 NOTE
r-devel-windows-x86_64-new-UL 2.2.3 30.00 152.00 182.00 OK
r-devel-windows-x86_64-new-TK 2.2.3 NOTE
r-devel-windows-x86_64-old 2.2.3 17.00 133.00 150.00 OK
r-patched-linux-x86_64 2.2.3 15.26 102.50 117.76 OK
r-patched-solaris-x86 2.2.3 200.90 NOTE
r-release-linux-x86_64 2.2.3 OK
r-release-macos-arm64 2.2.3 NOTE
r-release-macos-x86_64 2.2.3 NOTE
r-release-windows-ix86+x86_64 2.2.3 32.00 103.00 135.00 OK
r-oldrel-macos-x86_64 2.2.3 NOTE
r-oldrel-windows-ix86+x86_64 2.2.3 21.00 95.00 116.00 OK

Check Details

Version: 2.2.3
Check: dependencies in R code
Result: NOTE
    Namespace in Imports field not imported from: ‘ggridges’
     All declared Imports should be used.
Flavors: r-devel-linux-x86_64-fedora-clang, r-devel-linux-x86_64-fedora-gcc, r-devel-windows-x86_64-new-TK, r-patched-solaris-x86, r-release-macos-arm64, r-release-macos-x86_64, r-oldrel-macos-x86_64