CRAN Package Check Results for Package sport

Last updated on 2024-02-29 06:54:22 CET.

Flavor Version Tinstall Tcheck Ttotal Status Flags
r-devel-linux-x86_64-debian-clang 0.2.1 35.25 110.19 145.44 OK
r-devel-linux-x86_64-debian-gcc 0.2.1 26.17 80.69 106.86 OK
r-devel-linux-x86_64-fedora-clang 0.2.1 180.87 NOTE
r-devel-linux-x86_64-fedora-gcc 0.2.1 188.54 NOTE
r-devel-windows-x86_64 0.2.1 27.00 116.00 143.00 OK
r-patched-linux-x86_64 0.2.1 31.76 103.27 135.03 OK
r-release-linux-x86_64 0.2.1 36.01 104.10 140.11 OK
r-release-macos-arm64 0.2.1 59.00 OK
r-release-macos-x86_64 0.2.1 117.00 OK
r-release-windows-x86_64 0.2.1 36.00 139.00 175.00 OK
r-oldrel-macos-arm64 0.2.1 55.00 OK
r-oldrel-windows-x86_64 0.2.1 34.00 139.00 173.00 OK

Check Details

Version: 0.2.1
Check: data for non-ASCII characters
Result: NOTE Note: found 7504 marked UTF-8 strings Flavors: r-devel-linux-x86_64-fedora-clang, r-devel-linux-x86_64-fedora-gcc