CRAN Package Check Results for Package spm2

Last updated on 2022-10-05 18:49:13 CEST.

Flavor Version Tinstall Tcheck Ttotal Status Flags
r-devel-linux-x86_64-debian-clang 1.1.2 7.44 51.99 59.43 OK
r-devel-linux-x86_64-debian-gcc 1.1.2 5.46 39.72 45.18 OK
r-devel-linux-x86_64-fedora-clang 1.1.2 87.39 NOTE
r-devel-linux-x86_64-fedora-gcc 1.1.2 85.14 NOTE
r-devel-windows-x86_64 1.1.2 19.00 87.00 106.00 OK
r-patched-linux-x86_64 1.1.2 7.39 47.99 55.38 OK
r-release-linux-x86_64 1.1.2 6.06 48.17 54.23 OK
r-release-macos-arm64 1.1.2 24.00 NOTE
r-release-macos-x86_64 1.1.2 37.00 NOTE
r-release-windows-x86_64 1.1.2 31.00 76.00 107.00 OK
r-oldrel-macos-arm64 1.1.2 20.00 NOTE
r-oldrel-macos-x86_64 1.1.2 30.00 NOTE
r-oldrel-windows-ix86+x86_64 1.1.2 17.00 77.00 94.00 OK

Check Details

Version: 1.1.2
Check: dependencies in R code
Result: NOTE
    Namespaces in Imports field not imported from:
     ‘MASS’ ‘psy’ ‘ranger’
     All declared Imports should be used.
Flavors: r-devel-linux-x86_64-fedora-clang, r-devel-linux-x86_64-fedora-gcc, r-release-macos-arm64, r-release-macos-x86_64, r-oldrel-macos-arm64, r-oldrel-macos-x86_64