CRAN Package Check Results for Package spgwr

Last updated on 2021-06-21 19:49:06 CEST.

Flavor Version Tinstall Tcheck Ttotal Status Flags
r-devel-linux-x86_64-debian-clang 0.6-34 9.10 108.50 117.60 OK
r-devel-linux-x86_64-debian-gcc 0.6-34 8.85 82.66 91.51 OK
r-devel-linux-x86_64-fedora-clang 0.6-34 149.87 OK
r-devel-linux-x86_64-fedora-gcc 0.6-34 142.12 OK
r-devel-windows-x86_64 0.6-34 17.00 142.00 159.00 OK
r-devel-windows-x86_64-gcc10-UCRT 0.6-34 OK
r-patched-linux-x86_64 0.6-34 11.41 104.42 115.83 OK
r-patched-solaris-x86 0.6-34 195.90 OK
r-release-linux-x86_64 0.6-34 10.38 103.97 114.35 OK
r-release-macos-arm64 0.6-34 NOTE
r-release-macos-x86_64 0.6-34 OK
r-release-windows-ix86+x86_64 0.6-34 26.00 130.00 156.00 OK
r-oldrel-macos-x86_64 0.6-34 OK

Check Details

Version: 0.6-34
Check: package dependencies
Result: NOTE
    Packages suggested but not available for checking: 'spdep', 'rgdal'
Flavor: r-release-macos-arm64