CRAN Package Check Results for Package spgrass6

Last updated on 2021-06-15 01:50:39 CEST.

Flavor Version Tinstall Tcheck Ttotal Status Flags
r-devel-linux-x86_64-debian-clang 0.8-9 8.02 51.09 59.11 OK
r-devel-linux-x86_64-debian-gcc 0.8-9 5.81 39.38 45.19 OK
r-devel-linux-x86_64-fedora-clang 0.8-9 82.96 OK
r-devel-linux-x86_64-fedora-gcc 0.8-9 70.10 OK
r-devel-windows-x86_64 0.8-9 11.00 69.00 80.00 OK
r-devel-windows-x86_64-gcc10-UCRT 0.8-9 OK
r-patched-linux-x86_64 0.8-9 5.98 50.11 56.09 OK
r-patched-solaris-x86 0.8-9 98.10 OK
r-release-linux-x86_64 0.8-9 5.77 49.59 55.36 OK
r-release-macos-arm64 0.8-9 NOTE
r-release-macos-x86_64 0.8-9 OK
r-release-windows-ix86+x86_64 0.8-9 13.00 54.00 67.00 OK
r-oldrel-macos-x86_64 0.8-9 OK
r-oldrel-windows-ix86+x86_64 0.8-9 8.00 75.00 83.00 OK

Check Details

Version: 0.8-9
Check: package dependencies
Result: NOTE
    Package suggested but not available for checking: ‘rgdal’
Flavor: r-release-macos-arm64