CRAN Package Check Results for Package spectre

Last updated on 2021-11-26 19:53:06 CET.

Flavor Version Tinstall Tcheck Ttotal Status Flags
r-devel-linux-x86_64-debian-clang 1.0.2 50.05 35.47 85.52 OK
r-devel-linux-x86_64-debian-gcc 1.0.2 42.99 28.47 71.46 OK
r-devel-linux-x86_64-fedora-clang 1.0.2 136.50 NOTE
r-devel-linux-x86_64-fedora-gcc 1.0.2 124.35 OK
r-devel-windows-x86_64-new-UL 1.0.2 71.00 107.00 178.00 OK
r-devel-windows-x86_64-new-TK 1.0.2 OK
r-devel-windows-x86_64-old 1.0.2 54.00 75.00 129.00 OK
r-patched-linux-x86_64 1.0.2 48.28 35.80 84.08 OK
r-patched-solaris-x86 1.0.2 95.10 OK
r-release-linux-x86_64 1.0.2 OK
r-release-macos-arm64 1.0.2 NOTE
r-release-macos-x86_64 1.0.2 NOTE
r-release-windows-ix86+x86_64 1.0.2 122.00 70.00 192.00 OK
r-oldrel-macos-x86_64 1.0.2 NOTE
r-oldrel-windows-ix86+x86_64 1.0.2 122.00 95.00 217.00 OK

Check Details

Version: 1.0.2
Check: installed package size
Result: NOTE
     installed size is 5.9Mb
     sub-directories of 1Mb or more:
     libs 5.6Mb
Flavors: r-devel-linux-x86_64-fedora-clang, r-release-macos-arm64, r-release-macos-x86_64, r-oldrel-macos-x86_64