CRAN Package Check Results for Package specklestar

Last updated on 2021-07-31 19:51:46 CEST.

Flavor Version Tinstall Tcheck Ttotal Status Flags
r-devel-linux-x86_64-debian-clang 0.0.1.7 57.21 31.95 89.16 NOTE
r-devel-linux-x86_64-debian-gcc 0.0.1.7 30.32 25.39 55.71 NOTE
r-devel-linux-x86_64-fedora-clang 0.0.1.7 133.02 NOTE
r-devel-linux-x86_64-fedora-gcc 0.0.1.7 102.40 NOTE
r-devel-windows-x86_64 0.0.1.7 55.00 69.00 124.00 NOTE
r-devel-windows-x86_64-gcc10-UCRT 0.0.1.7 NOTE
r-patched-linux-x86_64 0.0.1.7 NOTE
r-patched-solaris-x86 0.0.1.7 152.60 NOTE
r-release-linux-x86_64 0.0.1.7 39.25 31.15 70.40 NOTE
r-release-macos-arm64 0.0.1.7 NOTE
r-release-macos-x86_64 0.0.1.7 NOTE
r-release-windows-ix86+x86_64 0.0.1.7 130.00 76.00 206.00 NOTE
r-oldrel-macos-x86_64 0.0.1.7 OK
r-oldrel-windows-ix86+x86_64 0.0.1.7 96.00 87.00 183.00 NOTE

Check Details

Version: 0.0.1.7
Check: LazyData
Result: NOTE
     'LazyData' is specified without a 'data' directory
Flavors: r-devel-linux-x86_64-debian-clang, r-devel-linux-x86_64-debian-gcc, r-devel-linux-x86_64-fedora-clang, r-devel-linux-x86_64-fedora-gcc, r-devel-windows-x86_64, r-devel-windows-x86_64-gcc10-UCRT, r-patched-linux-x86_64, r-patched-solaris-x86, r-release-linux-x86_64, r-release-macos-arm64, r-release-macos-x86_64, r-release-windows-ix86+x86_64

Version: 0.0.1.7
Check: installed package size
Result: NOTE
     installed size is 5.4Mb
     sub-directories of 1Mb or more:
     libs 3.8Mb
Flavors: r-release-windows-ix86+x86_64, r-oldrel-windows-ix86+x86_64