CRAN Package Check Results for Package spatsurv

Last updated on 2022-09-27 21:54:02 CEST.

Flavor Version Tinstall Tcheck Ttotal Status Flags
r-devel-linux-x86_64-debian-clang 1.8 59.13 526.22 585.35 OK
r-devel-linux-x86_64-debian-gcc 1.8 45.05 378.87 423.92 OK
r-devel-linux-x86_64-fedora-clang 1.8 704.94 NOTE
r-devel-linux-x86_64-fedora-gcc 1.8 673.93 NOTE
r-devel-windows-x86_64 1.8 66.00 509.00 575.00 OK
r-patched-linux-x86_64 1.8 46.98 488.13 535.11 OK
r-release-linux-x86_64 1.8 41.32 492.20 533.52 OK
r-release-macos-arm64 1.8 131.00 NOTE
r-release-macos-x86_64 1.8 203.00 NOTE
r-release-windows-x86_64 1.8 111.00 500.00 611.00 OK
r-oldrel-macos-arm64 1.8 113.00 NOTE
r-oldrel-macos-x86_64 1.8 198.00 NOTE
r-oldrel-windows-ix86+x86_64 1.8 108.00 475.00 583.00 OK

Check Details

Version: 1.8
Check: dependencies in R code
Result: NOTE
    Namespace in Imports field not imported from: ‘spatstat’
     All declared Imports should be used.
Flavors: r-devel-linux-x86_64-fedora-clang, r-devel-linux-x86_64-fedora-gcc, r-release-macos-arm64, r-release-macos-x86_64, r-oldrel-macos-arm64, r-oldrel-macos-x86_64