CRAN Package Check Results for Package spatsurv

Last updated on 2021-06-18 13:52:02 CEST.

Flavor Version Tinstall Tcheck Ttotal Status Flags
r-devel-linux-x86_64-debian-clang 1.6 35.30 289.06 324.36 OK
r-devel-linux-x86_64-debian-gcc 1.6 25.36 212.95 238.31 OK
r-devel-linux-x86_64-fedora-clang 1.6 381.89 NOTE
r-devel-linux-x86_64-fedora-gcc 1.6 349.46 NOTE
r-devel-windows-x86_64 1.6 51.00 303.00 354.00 OK
r-devel-windows-x86_64-gcc10-UCRT 1.6 NOTE
r-patched-linux-x86_64 1.6 36.67 268.96 305.63 OK
r-patched-solaris-x86 1.6 496.40 NOTE
r-release-linux-x86_64 1.6 31.82 267.40 299.22 OK
r-release-macos-arm64 1.6 NOTE
r-release-macos-x86_64 1.6 NOTE
r-release-windows-ix86+x86_64 1.6 71.00 236.00 307.00 OK
r-oldrel-macos-x86_64 1.6 NOTE
r-oldrel-windows-ix86+x86_64 1.6 50.00 314.00 364.00 OK

Check Details

Version: 1.6
Check: dependencies in R code
Result: NOTE
    Namespace in Imports field not imported from: ‘spatstat’
     All declared Imports should be used.
Flavors: r-devel-linux-x86_64-fedora-clang, r-devel-linux-x86_64-fedora-gcc, r-devel-windows-x86_64-gcc10-UCRT, r-patched-solaris-x86, r-release-macos-arm64, r-release-macos-x86_64, r-oldrel-macos-x86_64

Version: 1.6
Check: package dependencies
Result: NOTE
    Packages suggested but not available for checking: 'rgdal', 'OpenStreetMap'
Flavor: r-release-macos-arm64