CRAN Package Check Results for Package spatstat.gui

Last updated on 2021-09-26 19:49:14 CEST.

Flavor Version Tinstall Tcheck Ttotal Status Flags
r-devel-linux-x86_64-debian-clang 2.0-0 9.67 100.86 110.53 NOTE
r-devel-linux-x86_64-debian-gcc 2.0-0 7.02 77.82 84.84 NOTE
r-devel-linux-x86_64-fedora-clang 2.0-0 142.21 NOTE
r-devel-linux-x86_64-fedora-gcc 2.0-0 131.48 NOTE
r-devel-windows-x86_64 2.0-0 9.00 83.00 92.00 NOTE
r-devel-windows-x86_64-gcc10-UCRT 2.0-0 NOTE
r-patched-linux-x86_64 2.0-0 8.52 97.69 106.21 NOTE
r-patched-solaris-x86 2.0-0 169.00 NOTE
r-release-linux-x86_64 2.0-0 9.05 98.76 107.81 NOTE
r-release-macos-arm64 2.0-0 NOTE
r-release-macos-x86_64 2.0-0 NOTE
r-release-windows-ix86+x86_64 2.0-0 21.00 89.00 110.00 NOTE
r-oldrel-macos-x86_64 2.0-0 NOTE
r-oldrel-windows-ix86+x86_64 2.0-0 15.00 88.00 103.00 NOTE

Check Details

Version: 2.0-0
Check: package dependencies
Result: NOTE
    Depends: includes the non-default packages:
     'spatstat.geom', 'spatstat.core', 'spatstat.linnet', 'spatstat.data',
     'rpanel', 'tcltk'
    Adding so many packages to the search path is excessive and importing
    selectively is preferable.
Flavors: r-devel-linux-x86_64-debian-clang, r-devel-linux-x86_64-debian-gcc, r-devel-linux-x86_64-fedora-clang, r-devel-linux-x86_64-fedora-gcc, r-devel-windows-x86_64, r-devel-windows-x86_64-gcc10-UCRT, r-patched-linux-x86_64, r-patched-solaris-x86, r-release-linux-x86_64, r-release-macos-arm64, r-release-macos-x86_64, r-release-windows-ix86+x86_64, r-oldrel-macos-x86_64, r-oldrel-windows-ix86+x86_64