CRAN Package Check Results for Package spatstat.geom

Last updated on 2021-07-27 01:51:04 CEST.

Flavor Version Tinstall Tcheck Ttotal Status Flags
r-devel-linux-x86_64-debian-clang 2.2-2 60.26 348.56 408.82 OK
r-devel-linux-x86_64-debian-gcc 2.2-2 46.21 260.21 306.42 OK
r-devel-linux-x86_64-fedora-clang 2.2-2 507.10 OK
r-devel-linux-x86_64-fedora-gcc 2.2-2 488.97 OK
r-devel-windows-x86_64 2.2-2 100.00 364.00 464.00 OK
r-devel-windows-x86_64-gcc10-UCRT 2.2-2 OK
r-patched-linux-x86_64 2.2-2 68.21 341.85 410.06 OK
r-patched-solaris-x86 2.2-2 566.80 OK
r-release-linux-x86_64 2.2-2 62.93 336.64 399.57 OK
r-release-macos-arm64 2.2-2 NOTE
r-release-macos-x86_64 2.2-2 OK
r-release-windows-ix86+x86_64 2.2-2 131.00 604.00 735.00 OK
r-oldrel-macos-x86_64 2.2-2 OK
r-oldrel-windows-ix86+x86_64 2.2-2 102.00 639.00 741.00 OK

Check Details

Version: 2.2-2
Check: installed package size
Result: NOTE
     installed size is 5.8Mb
     sub-directories of 1Mb or more:
     R 2.1Mb
     help 2.6Mb
Flavor: r-release-macos-arm64