CRAN Package Check Results for Package spatialwidget

Last updated on 2024-02-25 18:51:39 CET.

Flavor Version Tinstall Tcheck Ttotal Status Flags
r-devel-linux-x86_64-debian-clang 0.2.5 248.83 37.59 286.42 NOTE
r-devel-linux-x86_64-debian-gcc 0.2.5 208.02 29.88 237.90 NOTE
r-devel-linux-x86_64-fedora-clang 0.2.5 397.45 NOTE
r-devel-linux-x86_64-fedora-gcc 0.2.5 467.32 NOTE
r-devel-windows-x86_64 0.2.5 180.00 92.00 272.00 NOTE
r-patched-linux-x86_64 0.2.5 249.79 37.87 287.66 NOTE
r-release-linux-x86_64 0.2.5 242.61 37.44 280.05 NOTE
r-release-macos-arm64 0.2.5 89.00 NOTE
r-release-macos-x86_64 0.2.5 107.00 NOTE
r-release-windows-x86_64 0.2.5 227.00 99.00 326.00 NOTE
r-oldrel-macos-arm64 0.2.5 85.00 NOTE
r-oldrel-windows-x86_64 0.2.5 216.00 96.00 312.00 OK

Check Details

Version: 0.2.5
Check: C++ specification
Result: NOTE Specified C++14: please drop specification unless essential Flavors: r-devel-linux-x86_64-debian-clang, r-devel-linux-x86_64-debian-gcc, r-devel-linux-x86_64-fedora-clang, r-devel-linux-x86_64-fedora-gcc, r-devel-windows-x86_64, r-patched-linux-x86_64, r-release-linux-x86_64, r-release-macos-arm64, r-release-macos-x86_64, r-release-windows-x86_64

Version: 0.2.5
Check: installed package size
Result: NOTE installed size is 13.0Mb sub-directories of 1Mb or more: doc 1.2Mb libs 11.5Mb Flavors: r-release-macos-arm64, r-release-macos-x86_64, r-oldrel-macos-arm64