CRAN Package Check Results for Package spatialprobit

Last updated on 2022-09-25 12:56:09 CEST.

Flavor Version Tinstall Tcheck Ttotal Status Flags
r-devel-linux-x86_64-debian-clang 1.0 15.82 157.76 173.58 NOTE
r-devel-linux-x86_64-debian-gcc 1.0 14.56 116.48 131.04 NOTE
r-devel-linux-x86_64-fedora-clang 1.0 211.06 NOTE
r-devel-linux-x86_64-fedora-gcc 1.0 206.64 NOTE
r-devel-windows-x86_64 1.0 40.00 171.00 211.00 NOTE
r-patched-linux-x86_64 1.0 15.97 145.52 161.49 OK
r-release-linux-x86_64 1.0 13.99 147.14 161.13 OK
r-release-macos-arm64 1.0 107.00 OK
r-release-macos-x86_64 1.0 148.00 OK
r-release-windows-x86_64 1.0 45.00 172.00 217.00 OK
r-oldrel-macos-arm64 1.0 102.00 OK
r-oldrel-macos-x86_64 1.0 154.00 OK
r-oldrel-windows-ix86+x86_64 1.0 37.00 160.00 197.00 OK

Check Details

Version: 1.0
Check: Rd files
Result: NOTE
    checkRd: (-1) sarorderedprobit.Rd:84: Escaped LaTeX specials: \#
Flavors: r-devel-linux-x86_64-debian-clang, r-devel-linux-x86_64-debian-gcc, r-devel-linux-x86_64-fedora-clang, r-devel-linux-x86_64-fedora-gcc, r-devel-windows-x86_64