CRAN Package Check Results for Package spatialfusion

Last updated on 2021-10-24 13:55:51 CEST.

Flavor Version Tinstall Tcheck Ttotal Status Flags
r-devel-linux-x86_64-debian-clang 0.6-4 22.76 190.86 213.62 NOTE
r-devel-linux-x86_64-debian-gcc 0.6-4 17.22 135.93 153.15 NOTE
r-devel-linux-x86_64-fedora-clang 0.6-4 254.21 OK
r-devel-linux-x86_64-fedora-gcc 0.6-4 257.67 OK
r-devel-windows-x86_64 0.6-4 40.00 154.00 194.00 OK
r-devel-windows-x86_64-gcc10-UCRT 0.6-4 NOTE
r-patched-linux-x86_64 0.6-4 25.48 175.90 201.38 NOTE
r-patched-solaris-x86 0.6-4 381.60 NOTE
r-release-linux-x86_64 0.6-4 19.09 175.42 194.51 NOTE
r-release-macos-arm64 0.6-4 NOTE
r-release-macos-x86_64 0.6-4 NOTE
r-release-windows-ix86+x86_64 0.6-4 36.00 218.00 254.00 OK
r-oldrel-macos-x86_64 0.6-4 NOTE
r-oldrel-windows-ix86+x86_64 0.6-4 37.00 151.00 188.00 OK

Check Details

Version: 0.6-4
Check: package dependencies
Result: NOTE
    Package suggested but not available for checking: 'INLA'
Flavors: r-devel-linux-x86_64-debian-clang, r-devel-linux-x86_64-debian-gcc, r-devel-windows-x86_64-gcc10-UCRT, r-patched-linux-x86_64, r-patched-solaris-x86, r-release-linux-x86_64, r-release-macos-arm64, r-release-macos-x86_64, r-oldrel-macos-x86_64